{"id":532,"date":"2025-07-27T16:36:56","date_gmt":"2025-07-27T14:36:56","guid":{"rendered":"https:\/\/www.northsea-basenjis.de\/?page_id=532"},"modified":"2025-08-02T17:08:05","modified_gmt":"2025-08-02T15:08:05","slug":"crufts","status":"publish","type":"page","link":"https:\/\/www.northsea-basenjis.de\/?page_id=532","title":{"rendered":"Crufts"},"content":{"rendered":"\n<p>Die Crufts \u2013 die weltweit gr\u00f6\u00dfte Hundeausstellung, welche jedes Jahr mehrere Tausende Hunde aus aller Welt nach Birmingham zieht. Zudem werden dort auch sehr viele Sportarten, wie Agility, Flyball, Dog Dancing usw. ausgetragen. Das Besondere? Man kann nicht einfach so hinfahren und teilnehmen wie bei einer European- oder World Dog Show, sondern muss sich \u00fcber eine der verschiedenen M\u00f6glichkeiten qualifizieren. Als wir mit dem Ausstellen angefangen haben, wusste ich, irgendwann m\u00f6chte ich da auch einmal hin. Als Rocket (Ch. Black Forest goblins From Dusk Till Dawn) sich im M\u00e4rz 2024 direkt bei der ersten M\u00f6glichkeit in Groningen qualifizierte, wussten wir, dass es 2025 wohl soweit sein wird. Also haben wir direkt schon mal eine Unterkunft gebucht und \u00fcberlegt, wann und wie unser Groot (Ch. Glowing Sirius Origami Way) nachziehen kann. Denn entweder der Hund qualifiziert sich oder er ist nicht dabei, da Besucherhunde nicht erlaubt sind. Groot zog jedoch mit zwei nationalen Championtiteln (Deutschland und D\u00e4nemark) im Juni nach und somit war klar, dass wir fahren.<\/p>\n\n\n\n<figure class=\"wp-block-gallery has-nested-images columns-default is-cropped wp-block-gallery-1 is-layout-flex wp-block-gallery-is-layout-flex\">\n<figure class=\"wp-block-image size-large\"><img loading=\"lazy\" decoding=\"async\" width=\"768\" height=\"1024\" data-id=\"580\" src=\"https:\/\/www.northsea-basenjis.de\/wp-content\/uploads\/2025\/08\/1741896056112-768x1024.jpg\" alt=\"\" class=\"wp-image-580\" srcset=\"https:\/\/www.northsea-basenjis.de\/wp-content\/uploads\/2025\/08\/1741896056112-768x1024.jpg 768w, https:\/\/www.northsea-basenjis.de\/wp-content\/uploads\/2025\/08\/1741896056112-225x300.jpg 225w, https:\/\/www.northsea-basenjis.de\/wp-content\/uploads\/2025\/08\/1741896056112-1152x1536.jpg 1152w, https:\/\/www.northsea-basenjis.de\/wp-content\/uploads\/2025\/08\/1741896056112-1536x2048.jpg 1536w, https:\/\/www.northsea-basenjis.de\/wp-content\/uploads\/2025\/08\/1741896056112-scaled.jpg 1920w\" sizes=\"auto, (max-width: 767px) 89vw, (max-width: 1000px) 54vw, (max-width: 1071px) 543px, 580px\" \/><\/figure>\n\n\n\n<figure class=\"wp-block-image size-large\"><img loading=\"lazy\" decoding=\"async\" width=\"769\" height=\"1024\" data-id=\"578\" src=\"https:\/\/www.northsea-basenjis.de\/wp-content\/uploads\/2025\/08\/1741896056117.jpg_compressed-769x1024.jpeg\" alt=\"\" class=\"wp-image-578\" srcset=\"https:\/\/www.northsea-basenjis.de\/wp-content\/uploads\/2025\/08\/1741896056117.jpg_compressed-769x1024.jpeg 769w, https:\/\/www.northsea-basenjis.de\/wp-content\/uploads\/2025\/08\/1741896056117.jpg_compressed-225x300.jpeg 225w, https:\/\/www.northsea-basenjis.de\/wp-content\/uploads\/2025\/08\/1741896056117.jpg_compressed-768x1023.jpeg 768w, https:\/\/www.northsea-basenjis.de\/wp-content\/uploads\/2025\/08\/1741896056117.jpg_compressed-1153x1536.jpeg 1153w, https:\/\/www.northsea-basenjis.de\/wp-content\/uploads\/2025\/08\/1741896056117.jpg_compressed.jpeg 1280w\" sizes=\"auto, (max-width: 767px) 89vw, (max-width: 1000px) 54vw, (max-width: 1071px) 543px, 580px\" \/><\/figure>\n\n\n\n<figure class=\"wp-block-image size-large\"><img loading=\"lazy\" decoding=\"async\" width=\"1024\" height=\"768\" data-id=\"579\" src=\"https:\/\/www.northsea-basenjis.de\/wp-content\/uploads\/2025\/08\/1741896056070.jpg_compressed-1024x768.jpeg\" alt=\"\" class=\"wp-image-579\" srcset=\"https:\/\/www.northsea-basenjis.de\/wp-content\/uploads\/2025\/08\/1741896056070.jpg_compressed-1024x768.jpeg 1024w, https:\/\/www.northsea-basenjis.de\/wp-content\/uploads\/2025\/08\/1741896056070.jpg_compressed-300x225.jpeg 300w, https:\/\/www.northsea-basenjis.de\/wp-content\/uploads\/2025\/08\/1741896056070.jpg_compressed-768x576.jpeg 768w, https:\/\/www.northsea-basenjis.de\/wp-content\/uploads\/2025\/08\/1741896056070.jpg_compressed-1536x1152.jpeg 1536w, https:\/\/www.northsea-basenjis.de\/wp-content\/uploads\/2025\/08\/1741896056070.jpg_compressed.jpeg 1707w\" sizes=\"auto, (max-width: 767px) 89vw, (max-width: 1000px) 54vw, (max-width: 1071px) 543px, 580px\" \/><\/figure>\n<\/figure>\n\n\n\n<p>F\u00fcr den Step \u00fcber oder &#8211; in unserem Fall &#8211; durch den \u00c4rmelkanal entschieden wir uns f\u00fcr den Eurotunnel. Flugzeug und F\u00e4hre kannten wir (jeweils noch ohne Hunde) schon und auf Letzterer wurde mir das letzte Mal ziemlich schlecht. Da war der Zug f\u00fcr die Hunde und f\u00fcr mich mit der 35-min\u00fctigen Fahrt richtig angenehm. Da wir die 6,5 Stunden von uns zu Hause nach Calais in der Nacht durchgefahren sind, g\u00f6nnten wir uns am n\u00e4chsten Morgen erst einmal einen ausgedehnten Strandspaziergang in Folkestone. Das Wetter war bestens, so wie auch die kompletten restlichen Tage.<\/p>\n\n\n\n<p>Als wir uns nach Birmingham aufmachten, bekamen wir den Anruf, dass wir aufgrund eines Heizungsschadens nicht in unser gebuchtes Appartement k\u00f6nnten, sie aber eine Alternative h\u00e4tten. Die Alternative stellte sich als ein Desaster in Downtown Birmingham heraus. Mitten in der Stadt, das wollten wir eigentlich tunlichst vermeiden. Mangels Alternativen mussten wir uns mit der Situation abfinden, ebenso mit der Tatsache, dass die komplette Stadt aufgrund der streikenden M\u00fcllabfuhr seit Jahresbeginn im M\u00fcll versinkt. Es war einfach nur schrecklich. Bis zur Crufts hatten wir aber, da wir am Dienstag angereist sind, noch einen Tag Zeit, denn wir waren erst Donnerstag an der Reihe.<\/p>\n\n\n\n<p>Also entflohen wir am Mittwoch der Gro\u00dfstadt und sind in die Clent Hills gefahren um eine Wandertour zu machen.<\/p>\n\n\n\n<figure class=\"wp-block-image size-large\"><img loading=\"lazy\" decoding=\"async\" width=\"768\" height=\"1024\" src=\"https:\/\/www.northsea-basenjis.de\/wp-content\/uploads\/2025\/08\/1741896055873.jpg_compressed-768x1024.jpeg\" alt=\"\" class=\"wp-image-582\" srcset=\"https:\/\/www.northsea-basenjis.de\/wp-content\/uploads\/2025\/08\/1741896055873.jpg_compressed-768x1024.jpeg 768w, https:\/\/www.northsea-basenjis.de\/wp-content\/uploads\/2025\/08\/1741896055873.jpg_compressed-225x300.jpeg 225w, https:\/\/www.northsea-basenjis.de\/wp-content\/uploads\/2025\/08\/1741896055873.jpg_compressed-1152x1536.jpeg 1152w, https:\/\/www.northsea-basenjis.de\/wp-content\/uploads\/2025\/08\/1741896055873.jpg_compressed.jpeg 1280w\" sizes=\"auto, (max-width: 767px) 89vw, (max-width: 1000px) 54vw, (max-width: 1071px) 543px, 580px\" \/><\/figure>\n\n\n\n<p>Donnerstag war es dann soweit, der Wecker klingelte fr\u00fch und wir machten uns bei strahlendem Sonnenschein auf zum Messegel\u00e4nde. Der Weg vom Parkplatz zum Eingang war relativ weit und es glich einer Massenwanderung. Es war der Wahnsinn, wenn man bedenkt, dass an diesem Tag nur die Hound-und Terrier-Groups und einige Sportarten dran waren (die Gruppeneinteilung in GB ist anders, als die der FCI). In der Halle angekommen, hatte ich direkt G\u00e4nsehaut. Die Atmosph\u00e4re, die Gr\u00f6\u00dfe und die Tatsache, dass man einen zugewiesenen Bereich hatte (ja, jeder Hund bekommt bei der Crufts einen abgetrennten Platz, auf dem dann eine Box, Decke etc. platziert werden kann, wo die Hunde zur Ruhe kommen k\u00f6nnen) verursachte ein Kribbeln. Da vor uns erst 80 Dackel gerichtet wurden, hatten wir noch jede Menge Zeit. Ich machte mich also auf den Weg durch die Hallen (mein Mann Christian blieb mit den Hunden an unserem Platz) und schaute mir an, was es so zu shoppen und sehen gab. Ich f\u00fchlte mich tats\u00e4chlich ziemlich erschlagen von diesem \u00dcberangebot und zu meiner \u201eKaufausbeute\u201c z\u00e4hlten am Ende lediglich ein paar K\u00e4sekaustangen und ein Basenji-Metallschild. Es h\u00e4tte noch so viel mehr gegeben und alles auch in drei-und vierfacher Ausf\u00fchrung, aber ich war, wie gesagt, etwas erschlagen. Ich machte mich dann noch auf den Weg zum Agility, da mich das von den Sportarten am Meisten interessierte und ich es mit Rocket seit \u00fcber zwei Jahren selbst hobbym\u00e4\u00dfig (und ohne Wettk\u00e4mpfe) betreibe. Leider \u00fcberschnitt sich der Start dann jedoch mit dem Richten der Basenjis.<br>Als es f\u00fcr die Basenjis endlich losging, konnte man sehr schnell eine klare Linie der Richterin erkennen. Eine Linie, die uns vorher von einem britischen P\u00e4rchen, welches wir dort kennenlernten und das die Richterin bereits kannte, mitgeteilt wurde. Die Richterin hatte eine Pr\u00e4ferenz f\u00fcr lange R\u00fccken und flache F\u00fc\u00dfe.<\/p>\n\n\n\n<figure class=\"wp-block-gallery has-nested-images columns-default is-cropped wp-block-gallery-2 is-layout-flex wp-block-gallery-is-layout-flex\">\n<figure class=\"wp-block-image size-large\"><img loading=\"lazy\" decoding=\"async\" width=\"1024\" height=\"768\" data-id=\"583\" src=\"https:\/\/www.northsea-basenjis.de\/wp-content\/uploads\/2025\/08\/1741896953257.jpg_compressed-1024x768.jpeg\" alt=\"\" class=\"wp-image-583\" srcset=\"https:\/\/www.northsea-basenjis.de\/wp-content\/uploads\/2025\/08\/1741896953257.jpg_compressed-1024x768.jpeg 1024w, https:\/\/www.northsea-basenjis.de\/wp-content\/uploads\/2025\/08\/1741896953257.jpg_compressed-300x225.jpeg 300w, https:\/\/www.northsea-basenjis.de\/wp-content\/uploads\/2025\/08\/1741896953257.jpg_compressed-768x576.jpeg 768w, https:\/\/www.northsea-basenjis.de\/wp-content\/uploads\/2025\/08\/1741896953257.jpg_compressed-1536x1152.jpeg 1536w, https:\/\/www.northsea-basenjis.de\/wp-content\/uploads\/2025\/08\/1741896953257.jpg_compressed.jpeg 1707w\" sizes=\"auto, (max-width: 767px) 89vw, (max-width: 1000px) 54vw, (max-width: 1071px) 543px, 580px\" \/><\/figure>\n\n\n\n<figure class=\"wp-block-image size-large\"><img loading=\"lazy\" decoding=\"async\" width=\"768\" height=\"1024\" data-id=\"585\" src=\"https:\/\/www.northsea-basenjis.de\/wp-content\/uploads\/2025\/08\/IMG20250306171142.jpg_compressed-768x1024.jpeg\" alt=\"\" class=\"wp-image-585\" srcset=\"https:\/\/www.northsea-basenjis.de\/wp-content\/uploads\/2025\/08\/IMG20250306171142.jpg_compressed-768x1024.jpeg 768w, https:\/\/www.northsea-basenjis.de\/wp-content\/uploads\/2025\/08\/IMG20250306171142.jpg_compressed-225x300.jpeg 225w, https:\/\/www.northsea-basenjis.de\/wp-content\/uploads\/2025\/08\/IMG20250306171142.jpg_compressed-1152x1536.jpeg 1152w, https:\/\/www.northsea-basenjis.de\/wp-content\/uploads\/2025\/08\/IMG20250306171142.jpg_compressed.jpeg 1280w\" sizes=\"auto, (max-width: 767px) 89vw, (max-width: 1000px) 54vw, (max-width: 1071px) 543px, 580px\" \/><\/figure>\n\n\n\n<figure class=\"wp-block-image size-large\"><img loading=\"lazy\" decoding=\"async\" width=\"768\" height=\"1024\" data-id=\"584\" src=\"https:\/\/www.northsea-basenjis.de\/wp-content\/uploads\/2025\/08\/IMG20250306170907.jpg_compressed-768x1024.jpeg\" alt=\"\" class=\"wp-image-584\" srcset=\"https:\/\/www.northsea-basenjis.de\/wp-content\/uploads\/2025\/08\/IMG20250306170907.jpg_compressed-768x1024.jpeg 768w, https:\/\/www.northsea-basenjis.de\/wp-content\/uploads\/2025\/08\/IMG20250306170907.jpg_compressed-225x300.jpeg 225w, https:\/\/www.northsea-basenjis.de\/wp-content\/uploads\/2025\/08\/IMG20250306170907.jpg_compressed-1152x1536.jpeg 1152w, https:\/\/www.northsea-basenjis.de\/wp-content\/uploads\/2025\/08\/IMG20250306170907.jpg_compressed.jpeg 1280w\" sizes=\"auto, (max-width: 767px) 89vw, (max-width: 1000px) 54vw, (max-width: 1071px) 543px, 580px\" \/><\/figure>\n<\/figure>\n\n\n\n<p>F\u00fcr uns ging es dann in der Open Class (der am st\u00e4rksten besetzten Klasse, entspricht der Championklasse bei uns) gegen 12 weitere Basenjis in den Ring. Ich stellte Rocket aus, Christian ging mit Groot in den Ring. Beide Jungs haben sich richtig super gezeigt und das allein macht mich auf so einer Veranstaltung mit der gro\u00dfen Anzahl an Profihandlern schon mehr als gl\u00fccklich. Nachdem die Richterin sich alle 14 Hunde einzeln und auch in der Gruppe angeschaut hat, hat sie eine Vorauswahl getroffen und sieben Hunde mussten den Ring verlassen. Groot und Christian waren leider unter den Ausscheidenden, Rocket und ich durften erst einmal bleiben, wurden schlussendlich aber nicht platziert. Im Gro\u00dfen und Ganzen war das f\u00fcr mich absolut in Ordnung, die Jungs waren toll und hinterher so m\u00fcde, dass sie sich direkt nach dem Ring in ihrer Box zusammenkuschelten und den restlichen Nachmittag verschliefen. So konnte ich das komplette Richten der H\u00fcndinnen sowie die finalen Entscheidungen entspannt vom Rand beobachten und habe mich sehr nett unterhalten, u.a. mit Danny Cullen, der die Basenji Klubausstellung im August 2022 in Bingen richtete.<\/p>\n\n\n\n<figure class=\"wp-block-gallery has-nested-images columns-default is-cropped wp-block-gallery-3 is-layout-flex wp-block-gallery-is-layout-flex\">\n<figure class=\"wp-block-image size-large\"><img loading=\"lazy\" decoding=\"async\" width=\"1024\" height=\"992\" data-id=\"588\" src=\"https:\/\/www.northsea-basenjis.de\/wp-content\/uploads\/2025\/08\/1741896953221-1024x992.jpg\" alt=\"\" class=\"wp-image-588\" srcset=\"https:\/\/www.northsea-basenjis.de\/wp-content\/uploads\/2025\/08\/1741896953221-1024x992.jpg 1024w, https:\/\/www.northsea-basenjis.de\/wp-content\/uploads\/2025\/08\/1741896953221-300x291.jpg 300w, https:\/\/www.northsea-basenjis.de\/wp-content\/uploads\/2025\/08\/1741896953221-768x744.jpg 768w, https:\/\/www.northsea-basenjis.de\/wp-content\/uploads\/2025\/08\/1741896953221-1536x1488.jpg 1536w, https:\/\/www.northsea-basenjis.de\/wp-content\/uploads\/2025\/08\/1741896953221-2048x1984.jpg 2048w\" sizes=\"auto, (max-width: 767px) 89vw, (max-width: 1000px) 54vw, (max-width: 1071px) 543px, 580px\" \/><\/figure>\n\n\n<div class=\"wp-block-image\">\n<figure class=\"aligncenter size-large\"><img loading=\"lazy\" decoding=\"async\" width=\"1008\" height=\"756\" data-id=\"587\" src=\"https:\/\/www.northsea-basenjis.de\/wp-content\/uploads\/2025\/08\/1741896953154.jpg\" alt=\"\" class=\"wp-image-587\" srcset=\"https:\/\/www.northsea-basenjis.de\/wp-content\/uploads\/2025\/08\/1741896953154.jpg 1008w, https:\/\/www.northsea-basenjis.de\/wp-content\/uploads\/2025\/08\/1741896953154-300x225.jpg 300w, https:\/\/www.northsea-basenjis.de\/wp-content\/uploads\/2025\/08\/1741896953154-768x576.jpg 768w\" sizes=\"auto, (max-width: 767px) 89vw, (max-width: 1000px) 54vw, (max-width: 1071px) 543px, 580px\" \/><\/figure>\n<\/div>\n\n\n<figure class=\"wp-block-image size-large\"><img loading=\"lazy\" decoding=\"async\" width=\"1008\" height=\"756\" data-id=\"586\" src=\"https:\/\/www.northsea-basenjis.de\/wp-content\/uploads\/2025\/08\/1741896953126.jpg\" alt=\"\" class=\"wp-image-586\" srcset=\"https:\/\/www.northsea-basenjis.de\/wp-content\/uploads\/2025\/08\/1741896953126.jpg 1008w, https:\/\/www.northsea-basenjis.de\/wp-content\/uploads\/2025\/08\/1741896953126-300x225.jpg 300w, https:\/\/www.northsea-basenjis.de\/wp-content\/uploads\/2025\/08\/1741896953126-768x576.jpg 768w\" sizes=\"auto, (max-width: 767px) 89vw, (max-width: 1000px) 54vw, (max-width: 1071px) 543px, 580px\" \/><\/figure>\n<\/figure>\n\n\n\n<p>Unser Erlebnis \u201eCrufts\u201c endete mit dem Kauf eines Erinnerungsst\u00fccks, einer gr\u00fcnen Crufts-Rosette, und der Erkenntnis, dass es am Ende doch einfach \u201enur\u201c eine Ausstellung ist \u2013 eine \u00fcberdimensional Gro\u00dfe, aber doch nur eine Ausstellung, welche aber unfassbar gut organisiert ist.<\/p>\n\n\n\n<p>Eigentlich war geplant, dass wir erst Samstag abreisen wollten, doch aufgrund des mangelhaften Zustands unserer Unterkunft buchte ich den Zug kurzerhand um und wir reisten bereits am Freitag ab. Auf dem R\u00fcckweg machten wir noch einen Abstecher zu den White Cliffs of Dover, um Rocket und Groot noch einmal einen ausgedehnten Spaziergang zu g\u00f6nnen. Danach ging es f\u00fcr uns dann mit einer Fahrt in die Nacht hinein nach Hause.<\/p>\n\n\n\n<figure class=\"wp-block-gallery has-nested-images columns-default is-cropped wp-block-gallery-4 is-layout-flex wp-block-gallery-is-layout-flex\">\n<figure class=\"wp-block-image size-large\"><img loading=\"lazy\" decoding=\"async\" width=\"768\" height=\"1024\" data-id=\"589\" src=\"https:\/\/www.northsea-basenjis.de\/wp-content\/uploads\/2025\/08\/1741897436414.jpg_compressed-768x1024.jpeg\" alt=\"\" class=\"wp-image-589\" srcset=\"https:\/\/www.northsea-basenjis.de\/wp-content\/uploads\/2025\/08\/1741897436414.jpg_compressed-768x1024.jpeg 768w, https:\/\/www.northsea-basenjis.de\/wp-content\/uploads\/2025\/08\/1741897436414.jpg_compressed-225x300.jpeg 225w, https:\/\/www.northsea-basenjis.de\/wp-content\/uploads\/2025\/08\/1741897436414.jpg_compressed-1152x1536.jpeg 1152w, https:\/\/www.northsea-basenjis.de\/wp-content\/uploads\/2025\/08\/1741897436414.jpg_compressed.jpeg 1280w\" sizes=\"auto, (max-width: 767px) 89vw, (max-width: 1000px) 54vw, (max-width: 1071px) 543px, 580px\" \/><\/figure>\n\n\n\n<figure class=\"wp-block-image size-large\"><img loading=\"lazy\" decoding=\"async\" width=\"768\" height=\"1024\" data-id=\"590\" src=\"https:\/\/www.northsea-basenjis.de\/wp-content\/uploads\/2025\/08\/1741897436434.jpg_compressed-768x1024.jpeg\" alt=\"\" class=\"wp-image-590\" srcset=\"https:\/\/www.northsea-basenjis.de\/wp-content\/uploads\/2025\/08\/1741897436434.jpg_compressed-768x1024.jpeg 768w, https:\/\/www.northsea-basenjis.de\/wp-content\/uploads\/2025\/08\/1741897436434.jpg_compressed-225x300.jpeg 225w, https:\/\/www.northsea-basenjis.de\/wp-content\/uploads\/2025\/08\/1741897436434.jpg_compressed-1152x1536.jpeg 1152w, https:\/\/www.northsea-basenjis.de\/wp-content\/uploads\/2025\/08\/1741897436434.jpg_compressed.jpeg 1280w\" sizes=\"auto, (max-width: 767px) 89vw, (max-width: 1000px) 54vw, (max-width: 1071px) 543px, 580px\" \/><\/figure>\n<\/figure>\n\n\n\n<p>Nach der EDS und der WDS war die Crufts die letzte Veranstaltung, die auf meiner Bucketlist stand. Ich bin sehr dankbar, dass wir die Chance genutzt und einmal auf dem ehrw\u00fcrdigen gr\u00fcnen Teppich ausgestellt haben, aber Christian und ich waren uns sehr schnell einig, dass wir es bei dieser einmaligen Erinnerung belassen werden.<\/p>\n","protected":false},"excerpt":{"rendered":"<p>Die Crufts \u2013 die weltweit gr\u00f6\u00dfte Hundeausstellung, welche jedes Jahr mehrere Tausende Hunde aus aller Welt nach Birmingham zieht. Zudem werden dort auch sehr viele Sportarten, wie Agility, Flyball, Dog Dancing usw. ausgetragen. Das Besondere? Man kann nicht einfach so hinfahren und teilnehmen wie bei einer European- oder World Dog Show, sondern muss sich \u00fcber &hellip; <\/p>\n<p class=\"link-more\"><a href=\"https:\/\/www.northsea-basenjis.de\/?page_id=532\" class=\"more-link\"><span class=\"screen-reader-text\">\u201eCrufts\u201c<\/span> weiterlesen<\/a><\/p>\n","protected":false},"author":2,"featured_media":0,"parent":0,"menu_order":0,"comment_status":"closed","ping_status":"closed","template":"","meta":{"footnotes":""},"class_list":["post-532","page","type-page","status-publish","hentry"],"yoast_head":"<!-- This site is optimized with the Yoast SEO plugin v27.3 - https:\/\/yoast.com\/product\/yoast-seo-wordpress\/ -->\n<title>Crufts - Northsea-Basenjis<\/title>\n<meta name=\"robots\" content=\"index, follow, max-snippet:-1, max-image-preview:large, max-video-preview:-1\" \/>\n<link rel=\"canonical\" href=\"https:\/\/www.northsea-basenjis.de\/?page_id=532\" \/>\n<meta property=\"og:locale\" content=\"de_DE\" \/>\n<meta property=\"og:type\" content=\"article\" \/>\n<meta property=\"og:title\" content=\"Crufts - Northsea-Basenjis\" \/>\n<meta property=\"og:description\" content=\"Die Crufts \u2013 die weltweit gr\u00f6\u00dfte Hundeausstellung, welche jedes Jahr mehrere Tausende Hunde aus aller Welt nach Birmingham zieht. Zudem werden dort auch sehr viele Sportarten, wie Agility, Flyball, Dog Dancing usw. ausgetragen. Das Besondere? Man kann nicht einfach so hinfahren und teilnehmen wie bei einer European- oder World Dog Show, sondern muss sich \u00fcber &hellip; \u201eCrufts\u201c weiterlesen\" \/>\n<meta property=\"og:url\" content=\"https:\/\/www.northsea-basenjis.de\/?page_id=532\" \/>\n<meta property=\"og:site_name\" content=\"Northsea-Basenjis\" \/>\n<meta property=\"article:modified_time\" content=\"2025-08-02T15:08:05+00:00\" \/>\n<meta property=\"og:image\" content=\"https:\/\/www.northsea-basenjis.de\/wp-content\/uploads\/2025\/08\/1741896056112-scaled.jpg\" \/>\n\t<meta property=\"og:image:width\" content=\"1920\" \/>\n\t<meta property=\"og:image:height\" content=\"2560\" \/>\n\t<meta property=\"og:image:type\" content=\"image\/jpeg\" \/>\n<meta name=\"twitter:card\" content=\"summary_large_image\" \/>\n<meta name=\"twitter:label1\" content=\"Gesch\u00e4tzte Lesezeit\" \/>\n\t<meta name=\"twitter:data1\" content=\"9\u00a0Minuten\" \/>\n<script type=\"application\/ld+json\" class=\"yoast-schema-graph\">{\"@context\":\"https:\\\/\\\/schema.org\",\"@graph\":[{\"@type\":\"WebPage\",\"@id\":\"https:\\\/\\\/www.northsea-basenjis.de\\\/?page_id=532\",\"url\":\"https:\\\/\\\/www.northsea-basenjis.de\\\/?page_id=532\",\"name\":\"Crufts - Northsea-Basenjis\",\"isPartOf\":{\"@id\":\"https:\\\/\\\/www.northsea-basenjis.de\\\/#website\"},\"primaryImageOfPage\":{\"@id\":\"https:\\\/\\\/www.northsea-basenjis.de\\\/?page_id=532#primaryimage\"},\"image\":{\"@id\":\"https:\\\/\\\/www.northsea-basenjis.de\\\/?page_id=532#primaryimage\"},\"thumbnailUrl\":\"https:\\\/\\\/www.northsea-basenjis.de\\\/wp-content\\\/uploads\\\/2025\\\/08\\\/1741896056112-768x1024.jpg\",\"datePublished\":\"2025-07-27T14:36:56+00:00\",\"dateModified\":\"2025-08-02T15:08:05+00:00\",\"breadcrumb\":{\"@id\":\"https:\\\/\\\/www.northsea-basenjis.de\\\/?page_id=532#breadcrumb\"},\"inLanguage\":\"de\",\"potentialAction\":[{\"@type\":\"ReadAction\",\"target\":[\"https:\\\/\\\/www.northsea-basenjis.de\\\/?page_id=532\"]}]},{\"@type\":\"ImageObject\",\"inLanguage\":\"de\",\"@id\":\"https:\\\/\\\/www.northsea-basenjis.de\\\/?page_id=532#primaryimage\",\"url\":\"https:\\\/\\\/www.northsea-basenjis.de\\\/wp-content\\\/uploads\\\/2025\\\/08\\\/1741896056112-scaled.jpg\",\"contentUrl\":\"https:\\\/\\\/www.northsea-basenjis.de\\\/wp-content\\\/uploads\\\/2025\\\/08\\\/1741896056112-scaled.jpg\",\"width\":1920,\"height\":2560},{\"@type\":\"BreadcrumbList\",\"@id\":\"https:\\\/\\\/www.northsea-basenjis.de\\\/?page_id=532#breadcrumb\",\"itemListElement\":[{\"@type\":\"ListItem\",\"position\":1,\"name\":\"Startseite\",\"item\":\"https:\\\/\\\/www.northsea-basenjis.de\\\/\"},{\"@type\":\"ListItem\",\"position\":2,\"name\":\"Crufts\"}]},{\"@type\":\"WebSite\",\"@id\":\"https:\\\/\\\/www.northsea-basenjis.de\\\/#website\",\"url\":\"https:\\\/\\\/www.northsea-basenjis.de\\\/\",\"name\":\"Northsea-Basenjis\",\"description\":\"Die zwei kleinen, wilden Dinger aus dem Busch\",\"potentialAction\":[{\"@type\":\"SearchAction\",\"target\":{\"@type\":\"EntryPoint\",\"urlTemplate\":\"https:\\\/\\\/www.northsea-basenjis.de\\\/?s={search_term_string}\"},\"query-input\":{\"@type\":\"PropertyValueSpecification\",\"valueRequired\":true,\"valueName\":\"search_term_string\"}}],\"inLanguage\":\"de\"}]}<\/script>\n<!-- \/ Yoast SEO plugin. -->","yoast_head_json":{"title":"Crufts - Northsea-Basenjis","robots":{"index":"index","follow":"follow","max-snippet":"max-snippet:-1","max-image-preview":"max-image-preview:large","max-video-preview":"max-video-preview:-1"},"canonical":"https:\/\/www.northsea-basenjis.de\/?page_id=532","og_locale":"de_DE","og_type":"article","og_title":"Crufts - Northsea-Basenjis","og_description":"Die Crufts \u2013 die weltweit gr\u00f6\u00dfte Hundeausstellung, welche jedes Jahr mehrere Tausende Hunde aus aller Welt nach Birmingham zieht. Zudem werden dort auch sehr viele Sportarten, wie Agility, Flyball, Dog Dancing usw. ausgetragen. Das Besondere? Man kann nicht einfach so hinfahren und teilnehmen wie bei einer European- oder World Dog Show, sondern muss sich \u00fcber &hellip; \u201eCrufts\u201c weiterlesen","og_url":"https:\/\/www.northsea-basenjis.de\/?page_id=532","og_site_name":"Northsea-Basenjis","article_modified_time":"2025-08-02T15:08:05+00:00","og_image":[{"width":1920,"height":2560,"url":"https:\/\/www.northsea-basenjis.de\/wp-content\/uploads\/2025\/08\/1741896056112-scaled.jpg","type":"image\/jpeg"}],"twitter_card":"summary_large_image","twitter_misc":{"Gesch\u00e4tzte Lesezeit":"9\u00a0Minuten"},"schema":{"@context":"https:\/\/schema.org","@graph":[{"@type":"WebPage","@id":"https:\/\/www.northsea-basenjis.de\/?page_id=532","url":"https:\/\/www.northsea-basenjis.de\/?page_id=532","name":"Crufts - Northsea-Basenjis","isPartOf":{"@id":"https:\/\/www.northsea-basenjis.de\/#website"},"primaryImageOfPage":{"@id":"https:\/\/www.northsea-basenjis.de\/?page_id=532#primaryimage"},"image":{"@id":"https:\/\/www.northsea-basenjis.de\/?page_id=532#primaryimage"},"thumbnailUrl":"https:\/\/www.northsea-basenjis.de\/wp-content\/uploads\/2025\/08\/1741896056112-768x1024.jpg","datePublished":"2025-07-27T14:36:56+00:00","dateModified":"2025-08-02T15:08:05+00:00","breadcrumb":{"@id":"https:\/\/www.northsea-basenjis.de\/?page_id=532#breadcrumb"},"inLanguage":"de","potentialAction":[{"@type":"ReadAction","target":["https:\/\/www.northsea-basenjis.de\/?page_id=532"]}]},{"@type":"ImageObject","inLanguage":"de","@id":"https:\/\/www.northsea-basenjis.de\/?page_id=532#primaryimage","url":"https:\/\/www.northsea-basenjis.de\/wp-content\/uploads\/2025\/08\/1741896056112-scaled.jpg","contentUrl":"https:\/\/www.northsea-basenjis.de\/wp-content\/uploads\/2025\/08\/1741896056112-scaled.jpg","width":1920,"height":2560},{"@type":"BreadcrumbList","@id":"https:\/\/www.northsea-basenjis.de\/?page_id=532#breadcrumb","itemListElement":[{"@type":"ListItem","position":1,"name":"Startseite","item":"https:\/\/www.northsea-basenjis.de\/"},{"@type":"ListItem","position":2,"name":"Crufts"}]},{"@type":"WebSite","@id":"https:\/\/www.northsea-basenjis.de\/#website","url":"https:\/\/www.northsea-basenjis.de\/","name":"Northsea-Basenjis","description":"Die zwei kleinen, wilden Dinger aus dem Busch","potentialAction":[{"@type":"SearchAction","target":{"@type":"EntryPoint","urlTemplate":"https:\/\/www.northsea-basenjis.de\/?s={search_term_string}"},"query-input":{"@type":"PropertyValueSpecification","valueRequired":true,"valueName":"search_term_string"}}],"inLanguage":"de"}]}},"_links":{"self":[{"href":"https:\/\/www.northsea-basenjis.de\/index.php?rest_route=\/wp\/v2\/pages\/532","targetHints":{"allow":["GET"]}}],"collection":[{"href":"https:\/\/www.northsea-basenjis.de\/index.php?rest_route=\/wp\/v2\/pages"}],"about":[{"href":"https:\/\/www.northsea-basenjis.de\/index.php?rest_route=\/wp\/v2\/types\/page"}],"author":[{"embeddable":true,"href":"https:\/\/www.northsea-basenjis.de\/index.php?rest_route=\/wp\/v2\/users\/2"}],"replies":[{"embeddable":true,"href":"https:\/\/www.northsea-basenjis.de\/index.php?rest_route=%2Fwp%2Fv2%2Fcomments&post=532"}],"version-history":[{"count":4,"href":"https:\/\/www.northsea-basenjis.de\/index.php?rest_route=\/wp\/v2\/pages\/532\/revisions"}],"predecessor-version":[{"id":591,"href":"https:\/\/www.northsea-basenjis.de\/index.php?rest_route=\/wp\/v2\/pages\/532\/revisions\/591"}],"wp:attachment":[{"href":"https:\/\/www.northsea-basenjis.de\/index.php?rest_route=%2Fwp%2Fv2%2Fmedia&parent=532"}],"curies":[{"name":"wp","href":"https:\/\/api.w.org\/{rel}","templated":true}]}}