{"id":505,"date":"2025-07-27T16:13:48","date_gmt":"2025-07-27T14:13:48","guid":{"rendered":"https:\/\/www.northsea-basenjis.de\/?page_id=505"},"modified":"2025-08-02T17:13:11","modified_gmt":"2025-08-02T15:13:11","slug":"ausstellungen-2025","status":"publish","type":"page","link":"https:\/\/www.northsea-basenjis.de\/?page_id=505","title":{"rendered":"Ausstellungen 2025"},"content":{"rendered":"\n<h2 class=\"wp-block-heading\">Nationale Ausstellun Hoogeveen\/ Niederlande\/ Juli<\/h2>\n\n\n\n<p>Sonntag: rCAC (welches wir nutzen k\u00f6nnen und das Zweite f\u00fcr den Niederl\u00e4ndischen Champion)<\/p>\n\n\n\n<figure class=\"wp-block-image size-large\"><img loading=\"lazy\" decoding=\"async\" width=\"797\" height=\"1024\" src=\"https:\/\/www.northsea-basenjis.de\/wp-content\/uploads\/2025\/08\/IMG_20250706_165256.jpg_compressed-797x1024.jpeg\" alt=\"\" class=\"wp-image-597\" srcset=\"https:\/\/www.northsea-basenjis.de\/wp-content\/uploads\/2025\/08\/IMG_20250706_165256.jpg_compressed-797x1024.jpeg 797w, https:\/\/www.northsea-basenjis.de\/wp-content\/uploads\/2025\/08\/IMG_20250706_165256.jpg_compressed-234x300.jpeg 234w, https:\/\/www.northsea-basenjis.de\/wp-content\/uploads\/2025\/08\/IMG_20250706_165256.jpg_compressed-768x986.jpeg 768w, https:\/\/www.northsea-basenjis.de\/wp-content\/uploads\/2025\/08\/IMG_20250706_165256.jpg_compressed-1196x1536.jpeg 1196w, https:\/\/www.northsea-basenjis.de\/wp-content\/uploads\/2025\/08\/IMG_20250706_165256.jpg_compressed.jpeg 1280w\" sizes=\"auto, (max-width: 767px) 89vw, (max-width: 1000px) 54vw, (max-width: 1071px) 543px, 580px\" \/><\/figure>\n\n\n\n<h2 class=\"wp-block-heading\">Internationale Ausstellung Genk\/ Belgien\/ Juni<\/h2>\n\n\n\n<p>Sonntag: rCAC und rCACIB (welches wir nutzen k\u00f6nnen und somit ist es das Vierte und Letzte)<\/p>\n\n\n\n<p class=\"has-vivid-red-color has-text-color has-link-color wp-elements-2d6f965abdd41f6da4887a560b1551e9\">Groot ist somit INTERNATIONALER CHAMPION<\/p>\n\n\n\n<figure class=\"wp-block-gallery has-nested-images columns-default is-cropped wp-block-gallery-1 is-layout-flex wp-block-gallery-is-layout-flex\">\n<figure class=\"wp-block-image size-large\"><img loading=\"lazy\" decoding=\"async\" width=\"768\" height=\"1024\" data-id=\"509\" src=\"https:\/\/www.northsea-basenjis.de\/wp-content\/uploads\/2025\/07\/IMG_20250629_105936.jpg_compressed-768x1024.jpeg\" alt=\"\" class=\"wp-image-509\" srcset=\"https:\/\/www.northsea-basenjis.de\/wp-content\/uploads\/2025\/07\/IMG_20250629_105936.jpg_compressed-768x1024.jpeg 768w, https:\/\/www.northsea-basenjis.de\/wp-content\/uploads\/2025\/07\/IMG_20250629_105936.jpg_compressed-225x300.jpeg 225w, https:\/\/www.northsea-basenjis.de\/wp-content\/uploads\/2025\/07\/IMG_20250629_105936.jpg_compressed-1152x1536.jpeg 1152w, https:\/\/www.northsea-basenjis.de\/wp-content\/uploads\/2025\/07\/IMG_20250629_105936.jpg_compressed.jpeg 1280w\" sizes=\"auto, (max-width: 767px) 89vw, (max-width: 1000px) 54vw, (max-width: 1071px) 543px, 580px\" \/><\/figure>\n\n\n\n<figure class=\"wp-block-image size-large\"><img loading=\"lazy\" decoding=\"async\" width=\"768\" height=\"1024\" data-id=\"508\" src=\"https:\/\/www.northsea-basenjis.de\/wp-content\/uploads\/2025\/07\/IMG_20250629_103037.jpg_compressed-768x1024.jpeg\" alt=\"\" class=\"wp-image-508\" srcset=\"https:\/\/www.northsea-basenjis.de\/wp-content\/uploads\/2025\/07\/IMG_20250629_103037.jpg_compressed-768x1024.jpeg 768w, https:\/\/www.northsea-basenjis.de\/wp-content\/uploads\/2025\/07\/IMG_20250629_103037.jpg_compressed-225x300.jpeg 225w, https:\/\/www.northsea-basenjis.de\/wp-content\/uploads\/2025\/07\/IMG_20250629_103037.jpg_compressed-1152x1536.jpeg 1152w, https:\/\/www.northsea-basenjis.de\/wp-content\/uploads\/2025\/07\/IMG_20250629_103037.jpg_compressed.jpeg 1280w\" sizes=\"auto, (max-width: 767px) 89vw, (max-width: 1000px) 54vw, (max-width: 1071px) 543px, 580px\" \/><\/figure>\n<\/figure>\n\n\n\n<h2 class=\"wp-block-heading\">Internationale Ausstellung Groningen\/ Niederlande\/ M\u00e4rz<\/h2>\n\n\n\n<p>Samstag: CAC, CACIB (das Dritte) und BOS <\/p>\n\n\n\n<figure class=\"wp-block-gallery has-nested-images columns-default is-cropped wp-block-gallery-2 is-layout-flex wp-block-gallery-is-layout-flex\">\n<figure class=\"wp-block-image size-large\"><img loading=\"lazy\" decoding=\"async\" width=\"1024\" height=\"768\" data-id=\"507\" src=\"https:\/\/www.northsea-basenjis.de\/wp-content\/uploads\/2025\/07\/1741895290494.jpg_compressed-1024x768.jpeg\" alt=\"\" class=\"wp-image-507\" srcset=\"https:\/\/www.northsea-basenjis.de\/wp-content\/uploads\/2025\/07\/1741895290494.jpg_compressed-1024x768.jpeg 1024w, https:\/\/www.northsea-basenjis.de\/wp-content\/uploads\/2025\/07\/1741895290494.jpg_compressed-300x225.jpeg 300w, https:\/\/www.northsea-basenjis.de\/wp-content\/uploads\/2025\/07\/1741895290494.jpg_compressed-768x576.jpeg 768w, https:\/\/www.northsea-basenjis.de\/wp-content\/uploads\/2025\/07\/1741895290494.jpg_compressed-1536x1152.jpeg 1536w, https:\/\/www.northsea-basenjis.de\/wp-content\/uploads\/2025\/07\/1741895290494.jpg_compressed.jpeg 1707w\" sizes=\"auto, (max-width: 767px) 89vw, (max-width: 1000px) 54vw, (max-width: 1071px) 543px, 580px\" \/><\/figure>\n<\/figure>\n\n\n\n<p class=\"has-medium-font-size\"><\/p>\n","protected":false},"excerpt":{"rendered":"<p>Nationale Ausstellun Hoogeveen\/ Niederlande\/ Juli Sonntag: rCAC (welches wir nutzen k\u00f6nnen und das Zweite f\u00fcr den Niederl\u00e4ndischen Champion) Internationale Ausstellung Genk\/ Belgien\/ Juni Sonntag: rCAC und rCACIB (welches wir nutzen k\u00f6nnen und somit ist es das Vierte und Letzte) Groot ist somit INTERNATIONALER CHAMPION Internationale Ausstellung Groningen\/ Niederlande\/ M\u00e4rz Samstag: CAC, CACIB (das Dritte) und &hellip; <\/p>\n<p class=\"link-more\"><a href=\"https:\/\/www.northsea-basenjis.de\/?page_id=505\" class=\"more-link\"><span class=\"screen-reader-text\">\u201eAusstellungen 2025\u201c<\/span> weiterlesen<\/a><\/p>\n","protected":false},"author":2,"featured_media":0,"parent":16,"menu_order":0,"comment_status":"closed","ping_status":"closed","template":"","meta":{"footnotes":""},"class_list":["post-505","page","type-page","status-publish","hentry"],"yoast_head":"<!-- This site is optimized with the Yoast SEO plugin v27.3 - https:\/\/yoast.com\/product\/yoast-seo-wordpress\/ -->\n<title>Ausstellungen 2025 - Northsea-Basenjis<\/title>\n<meta name=\"robots\" content=\"index, follow, max-snippet:-1, max-image-preview:large, max-video-preview:-1\" \/>\n<link rel=\"canonical\" href=\"https:\/\/www.northsea-basenjis.de\/?page_id=505\" \/>\n<meta property=\"og:locale\" content=\"de_DE\" \/>\n<meta property=\"og:type\" content=\"article\" \/>\n<meta property=\"og:title\" content=\"Ausstellungen 2025 - Northsea-Basenjis\" \/>\n<meta property=\"og:description\" content=\"Nationale Ausstellun Hoogeveen\/ Niederlande\/ Juli Sonntag: rCAC (welches wir nutzen k\u00f6nnen und das Zweite f\u00fcr den Niederl\u00e4ndischen Champion) Internationale Ausstellung Genk\/ Belgien\/ Juni Sonntag: rCAC und rCACIB (welches wir nutzen k\u00f6nnen und somit ist es das Vierte und Letzte) Groot ist somit INTERNATIONALER CHAMPION Internationale Ausstellung Groningen\/ Niederlande\/ M\u00e4rz Samstag: CAC, CACIB (das Dritte) und &hellip; \u201eAusstellungen 2025\u201c weiterlesen\" \/>\n<meta property=\"og:url\" content=\"https:\/\/www.northsea-basenjis.de\/?page_id=505\" \/>\n<meta property=\"og:site_name\" content=\"Northsea-Basenjis\" \/>\n<meta property=\"article:modified_time\" content=\"2025-08-02T15:13:11+00:00\" \/>\n<meta property=\"og:image\" content=\"https:\/\/www.northsea-basenjis.de\/wp-content\/uploads\/2025\/08\/IMG_20250706_165256.jpg_compressed.jpeg\" \/>\n\t<meta property=\"og:image:width\" content=\"1280\" \/>\n\t<meta property=\"og:image:height\" content=\"1644\" \/>\n\t<meta property=\"og:image:type\" content=\"image\/jpeg\" \/>\n<meta name=\"twitter:card\" content=\"summary_large_image\" \/>\n<meta name=\"twitter:label1\" content=\"Gesch\u00e4tzte Lesezeit\" \/>\n\t<meta name=\"twitter:data1\" content=\"2\u00a0Minuten\" \/>\n<script type=\"application\/ld+json\" class=\"yoast-schema-graph\">{\"@context\":\"https:\\\/\\\/schema.org\",\"@graph\":[{\"@type\":\"WebPage\",\"@id\":\"https:\\\/\\\/www.northsea-basenjis.de\\\/?page_id=505\",\"url\":\"https:\\\/\\\/www.northsea-basenjis.de\\\/?page_id=505\",\"name\":\"Ausstellungen 2025 - Northsea-Basenjis\",\"isPartOf\":{\"@id\":\"https:\\\/\\\/www.northsea-basenjis.de\\\/#website\"},\"primaryImageOfPage\":{\"@id\":\"https:\\\/\\\/www.northsea-basenjis.de\\\/?page_id=505#primaryimage\"},\"image\":{\"@id\":\"https:\\\/\\\/www.northsea-basenjis.de\\\/?page_id=505#primaryimage\"},\"thumbnailUrl\":\"https:\\\/\\\/www.northsea-basenjis.de\\\/wp-content\\\/uploads\\\/2025\\\/08\\\/IMG_20250706_165256.jpg_compressed-797x1024.jpeg\",\"datePublished\":\"2025-07-27T14:13:48+00:00\",\"dateModified\":\"2025-08-02T15:13:11+00:00\",\"breadcrumb\":{\"@id\":\"https:\\\/\\\/www.northsea-basenjis.de\\\/?page_id=505#breadcrumb\"},\"inLanguage\":\"de\",\"potentialAction\":[{\"@type\":\"ReadAction\",\"target\":[\"https:\\\/\\\/www.northsea-basenjis.de\\\/?page_id=505\"]}]},{\"@type\":\"ImageObject\",\"inLanguage\":\"de\",\"@id\":\"https:\\\/\\\/www.northsea-basenjis.de\\\/?page_id=505#primaryimage\",\"url\":\"https:\\\/\\\/www.northsea-basenjis.de\\\/wp-content\\\/uploads\\\/2025\\\/08\\\/IMG_20250706_165256.jpg_compressed.jpeg\",\"contentUrl\":\"https:\\\/\\\/www.northsea-basenjis.de\\\/wp-content\\\/uploads\\\/2025\\\/08\\\/IMG_20250706_165256.jpg_compressed.jpeg\",\"width\":1280,\"height\":1644},{\"@type\":\"BreadcrumbList\",\"@id\":\"https:\\\/\\\/www.northsea-basenjis.de\\\/?page_id=505#breadcrumb\",\"itemListElement\":[{\"@type\":\"ListItem\",\"position\":1,\"name\":\"Startseite\",\"item\":\"https:\\\/\\\/www.northsea-basenjis.de\\\/\"},{\"@type\":\"ListItem\",\"position\":2,\"name\":\"Groot\",\"item\":\"https:\\\/\\\/www.northsea-basenjis.de\\\/?page_id=16\"},{\"@type\":\"ListItem\",\"position\":3,\"name\":\"Ausstellungen 2025\"}]},{\"@type\":\"WebSite\",\"@id\":\"https:\\\/\\\/www.northsea-basenjis.de\\\/#website\",\"url\":\"https:\\\/\\\/www.northsea-basenjis.de\\\/\",\"name\":\"Northsea-Basenjis\",\"description\":\"Die zwei kleinen, wilden Dinger aus dem Busch\",\"potentialAction\":[{\"@type\":\"SearchAction\",\"target\":{\"@type\":\"EntryPoint\",\"urlTemplate\":\"https:\\\/\\\/www.northsea-basenjis.de\\\/?s={search_term_string}\"},\"query-input\":{\"@type\":\"PropertyValueSpecification\",\"valueRequired\":true,\"valueName\":\"search_term_string\"}}],\"inLanguage\":\"de\"}]}<\/script>\n<!-- \/ Yoast SEO plugin. -->","yoast_head_json":{"title":"Ausstellungen 2025 - Northsea-Basenjis","robots":{"index":"index","follow":"follow","max-snippet":"max-snippet:-1","max-image-preview":"max-image-preview:large","max-video-preview":"max-video-preview:-1"},"canonical":"https:\/\/www.northsea-basenjis.de\/?page_id=505","og_locale":"de_DE","og_type":"article","og_title":"Ausstellungen 2025 - Northsea-Basenjis","og_description":"Nationale Ausstellun Hoogeveen\/ Niederlande\/ Juli Sonntag: rCAC (welches wir nutzen k\u00f6nnen und das Zweite f\u00fcr den Niederl\u00e4ndischen Champion) Internationale Ausstellung Genk\/ Belgien\/ Juni Sonntag: rCAC und rCACIB (welches wir nutzen k\u00f6nnen und somit ist es das Vierte und Letzte) Groot ist somit INTERNATIONALER CHAMPION Internationale Ausstellung Groningen\/ Niederlande\/ M\u00e4rz Samstag: CAC, CACIB (das Dritte) und &hellip; \u201eAusstellungen 2025\u201c weiterlesen","og_url":"https:\/\/www.northsea-basenjis.de\/?page_id=505","og_site_name":"Northsea-Basenjis","article_modified_time":"2025-08-02T15:13:11+00:00","og_image":[{"width":1280,"height":1644,"url":"https:\/\/www.northsea-basenjis.de\/wp-content\/uploads\/2025\/08\/IMG_20250706_165256.jpg_compressed.jpeg","type":"image\/jpeg"}],"twitter_card":"summary_large_image","twitter_misc":{"Gesch\u00e4tzte Lesezeit":"2\u00a0Minuten"},"schema":{"@context":"https:\/\/schema.org","@graph":[{"@type":"WebPage","@id":"https:\/\/www.northsea-basenjis.de\/?page_id=505","url":"https:\/\/www.northsea-basenjis.de\/?page_id=505","name":"Ausstellungen 2025 - Northsea-Basenjis","isPartOf":{"@id":"https:\/\/www.northsea-basenjis.de\/#website"},"primaryImageOfPage":{"@id":"https:\/\/www.northsea-basenjis.de\/?page_id=505#primaryimage"},"image":{"@id":"https:\/\/www.northsea-basenjis.de\/?page_id=505#primaryimage"},"thumbnailUrl":"https:\/\/www.northsea-basenjis.de\/wp-content\/uploads\/2025\/08\/IMG_20250706_165256.jpg_compressed-797x1024.jpeg","datePublished":"2025-07-27T14:13:48+00:00","dateModified":"2025-08-02T15:13:11+00:00","breadcrumb":{"@id":"https:\/\/www.northsea-basenjis.de\/?page_id=505#breadcrumb"},"inLanguage":"de","potentialAction":[{"@type":"ReadAction","target":["https:\/\/www.northsea-basenjis.de\/?page_id=505"]}]},{"@type":"ImageObject","inLanguage":"de","@id":"https:\/\/www.northsea-basenjis.de\/?page_id=505#primaryimage","url":"https:\/\/www.northsea-basenjis.de\/wp-content\/uploads\/2025\/08\/IMG_20250706_165256.jpg_compressed.jpeg","contentUrl":"https:\/\/www.northsea-basenjis.de\/wp-content\/uploads\/2025\/08\/IMG_20250706_165256.jpg_compressed.jpeg","width":1280,"height":1644},{"@type":"BreadcrumbList","@id":"https:\/\/www.northsea-basenjis.de\/?page_id=505#breadcrumb","itemListElement":[{"@type":"ListItem","position":1,"name":"Startseite","item":"https:\/\/www.northsea-basenjis.de\/"},{"@type":"ListItem","position":2,"name":"Groot","item":"https:\/\/www.northsea-basenjis.de\/?page_id=16"},{"@type":"ListItem","position":3,"name":"Ausstellungen 2025"}]},{"@type":"WebSite","@id":"https:\/\/www.northsea-basenjis.de\/#website","url":"https:\/\/www.northsea-basenjis.de\/","name":"Northsea-Basenjis","description":"Die zwei kleinen, wilden Dinger aus dem Busch","potentialAction":[{"@type":"SearchAction","target":{"@type":"EntryPoint","urlTemplate":"https:\/\/www.northsea-basenjis.de\/?s={search_term_string}"},"query-input":{"@type":"PropertyValueSpecification","valueRequired":true,"valueName":"search_term_string"}}],"inLanguage":"de"}]}},"_links":{"self":[{"href":"https:\/\/www.northsea-basenjis.de\/index.php?rest_route=\/wp\/v2\/pages\/505","targetHints":{"allow":["GET"]}}],"collection":[{"href":"https:\/\/www.northsea-basenjis.de\/index.php?rest_route=\/wp\/v2\/pages"}],"about":[{"href":"https:\/\/www.northsea-basenjis.de\/index.php?rest_route=\/wp\/v2\/types\/page"}],"author":[{"embeddable":true,"href":"https:\/\/www.northsea-basenjis.de\/index.php?rest_route=\/wp\/v2\/users\/2"}],"replies":[{"embeddable":true,"href":"https:\/\/www.northsea-basenjis.de\/index.php?rest_route=%2Fwp%2Fv2%2Fcomments&post=505"}],"version-history":[{"count":5,"href":"https:\/\/www.northsea-basenjis.de\/index.php?rest_route=\/wp\/v2\/pages\/505\/revisions"}],"predecessor-version":[{"id":598,"href":"https:\/\/www.northsea-basenjis.de\/index.php?rest_route=\/wp\/v2\/pages\/505\/revisions\/598"}],"up":[{"embeddable":true,"href":"https:\/\/www.northsea-basenjis.de\/index.php?rest_route=\/wp\/v2\/pages\/16"}],"wp:attachment":[{"href":"https:\/\/www.northsea-basenjis.de\/index.php?rest_route=%2Fwp%2Fv2%2Fmedia&parent=505"}],"curies":[{"name":"wp","href":"https:\/\/api.w.org\/{rel}","templated":true}]}}