{"id":336,"date":"2023-04-09T12:51:08","date_gmt":"2023-04-09T10:51:08","guid":{"rendered":"https:\/\/www.northsea-basenjis.de\/?page_id=336"},"modified":"2024-06-21T17:30:57","modified_gmt":"2024-06-21T15:30:57","slug":"ausstellungen-2023","status":"publish","type":"page","link":"https:\/\/www.northsea-basenjis.de\/?page_id=336","title":{"rendered":"Ausstellungen 2023"},"content":{"rendered":"\n<h1 class=\"wp-block-heading has-vivid-green-cyan-color has-text-color has-link-color wp-elements-e4347c27b7d3b225bc40dbfb1890772a\">Internationaler Champion<\/h1>\n\n\n\n<p class=\"has-white-background-color has-background\">Mit dem CACIB in Leeuwarden hat sich Rocket endlich den Titel <em><strong>Internationaler Champion<\/strong><\/em> verdient. \ud83d\ude0d<\/p>\n\n\n\n<figure class=\"wp-block-image size-large\"><img loading=\"lazy\" decoding=\"async\" width=\"1024\" height=\"732\" src=\"https:\/\/www.northsea-basenjis.de\/wp-content\/uploads\/2024\/06\/Internat.-Champion-Rocket_01-01-1024x732.jpeg\" alt=\"\" class=\"wp-image-380\" srcset=\"https:\/\/www.northsea-basenjis.de\/wp-content\/uploads\/2024\/06\/Internat.-Champion-Rocket_01-01-1024x732.jpeg 1024w, https:\/\/www.northsea-basenjis.de\/wp-content\/uploads\/2024\/06\/Internat.-Champion-Rocket_01-01-300x214.jpeg 300w, https:\/\/www.northsea-basenjis.de\/wp-content\/uploads\/2024\/06\/Internat.-Champion-Rocket_01-01-768x549.jpeg 768w, https:\/\/www.northsea-basenjis.de\/wp-content\/uploads\/2024\/06\/Internat.-Champion-Rocket_01-01-1536x1098.jpeg 1536w, https:\/\/www.northsea-basenjis.de\/wp-content\/uploads\/2024\/06\/Internat.-Champion-Rocket_01-01-2048x1464.jpeg 2048w\" sizes=\"auto, (max-width: 767px) 89vw, (max-width: 1000px) 54vw, (max-width: 1071px) 543px, 580px\" \/><\/figure>\n\n\n\n<h2 class=\"wp-block-heading\">Fryslan Cup\/ Internationale Ausstellung Leeuwarden\/ Niederlande\/ November<\/h2>\n\n\n\n<p>Samstag: CAC, CACIB und BOB<br>Sonntag: rCAC, CACIB <\/p>\n\n\n\n<ol class=\"wp-block-list\"><\/ol>\n\n\n\n<div class=\"wp-block-columns is-layout-flex wp-container-core-columns-is-layout-9d6595d7 wp-block-columns-is-layout-flex\">\n<div class=\"wp-block-column is-layout-flow wp-block-column-is-layout-flow\" style=\"flex-basis:100%\">\n<figure class=\"wp-block-image size-large is-resized\"><img loading=\"lazy\" decoding=\"async\" width=\"1024\" height=\"1004\" src=\"https:\/\/www.northsea-basenjis.de\/wp-content\/uploads\/2024\/06\/Screenshot_20231124_123838-1024x1004.jpg\" alt=\"\" class=\"wp-image-378\" style=\"width:473px;height:auto\" srcset=\"https:\/\/www.northsea-basenjis.de\/wp-content\/uploads\/2024\/06\/Screenshot_20231124_123838-1024x1004.jpg 1024w, https:\/\/www.northsea-basenjis.de\/wp-content\/uploads\/2024\/06\/Screenshot_20231124_123838-300x294.jpg 300w, https:\/\/www.northsea-basenjis.de\/wp-content\/uploads\/2024\/06\/Screenshot_20231124_123838-768x753.jpg 768w, https:\/\/www.northsea-basenjis.de\/wp-content\/uploads\/2024\/06\/Screenshot_20231124_123838.jpg 1080w\" sizes=\"auto, (max-width: 767px) 89vw, (max-width: 1000px) 54vw, (max-width: 1071px) 543px, 580px\" \/><\/figure>\n<\/div>\n<\/div>\n\n\n\n<h2 class=\"wp-block-heading\"><strong>World Dog Show und Grand Prix de Gen\u00e8ve in Genf\/ Schweiz\/ August<\/strong><\/h2>\n\n\n\n<h2 class=\"wp-block-heading\">Grand Prix de Gen\u00e8ve<\/h2>\n\n\n\n<p>Rocket hat in der Championklasse ein Exc. ohne Platzierung erhalten.<\/p>\n\n\n\n<h2 class=\"wp-block-heading\">World Dog Show<\/h2>\n\n\n\n<p>In der Championklasse traten 14 R\u00fcden an, der Richter hat nach und nach aussortiert und pl\u00f6tzlich waren wir unter den letzten 4, die eine Platzierung erhalten sollten und unser Rocket wurde dann auch auf den 4. Platz gesetzt. Ein unglaublicher Erfolg auf der World Dog Show mit 77 gemeldeten Basenjis.<\/p>\n\n\n\n<div class=\"wp-block-columns is-layout-flex wp-container-core-columns-is-layout-9d6595d7 wp-block-columns-is-layout-flex\">\n<div class=\"wp-block-column is-layout-flow wp-block-column-is-layout-flow\" style=\"flex-basis:100%\">\n<figure class=\"wp-block-gallery has-nested-images columns-3 is-cropped wp-block-gallery-1 is-layout-flex wp-block-gallery-is-layout-flex\">\n<figure class=\"wp-block-image size-large\"><img loading=\"lazy\" decoding=\"async\" width=\"844\" height=\"1024\" data-id=\"368\" src=\"https:\/\/www.northsea-basenjis.de\/wp-content\/uploads\/2024\/06\/1050436-01-844x1024.jpeg\" alt=\"\" class=\"wp-image-368\" srcset=\"https:\/\/www.northsea-basenjis.de\/wp-content\/uploads\/2024\/06\/1050436-01-844x1024.jpeg 844w, https:\/\/www.northsea-basenjis.de\/wp-content\/uploads\/2024\/06\/1050436-01-247x300.jpeg 247w, https:\/\/www.northsea-basenjis.de\/wp-content\/uploads\/2024\/06\/1050436-01-768x932.jpeg 768w, https:\/\/www.northsea-basenjis.de\/wp-content\/uploads\/2024\/06\/1050436-01-1266x1536.jpeg 1266w, https:\/\/www.northsea-basenjis.de\/wp-content\/uploads\/2024\/06\/1050436-01-1687x2048.jpeg 1687w\" sizes=\"auto, (max-width: 767px) 89vw, (max-width: 1000px) 54vw, (max-width: 1071px) 543px, 580px\" \/><\/figure>\n\n\n\n<figure class=\"wp-block-image size-large\"><img loading=\"lazy\" decoding=\"async\" width=\"1024\" height=\"693\" data-id=\"367\" src=\"https:\/\/www.northsea-basenjis.de\/wp-content\/uploads\/2024\/06\/1050411-01-1024x693.jpeg\" alt=\"\" class=\"wp-image-367\" srcset=\"https:\/\/www.northsea-basenjis.de\/wp-content\/uploads\/2024\/06\/1050411-01-1024x693.jpeg 1024w, https:\/\/www.northsea-basenjis.de\/wp-content\/uploads\/2024\/06\/1050411-01-300x203.jpeg 300w, https:\/\/www.northsea-basenjis.de\/wp-content\/uploads\/2024\/06\/1050411-01-768x520.jpeg 768w, https:\/\/www.northsea-basenjis.de\/wp-content\/uploads\/2024\/06\/1050411-01-1536x1039.jpeg 1536w, https:\/\/www.northsea-basenjis.de\/wp-content\/uploads\/2024\/06\/1050411-01-2048x1386.jpeg 2048w\" sizes=\"auto, (max-width: 767px) 89vw, (max-width: 1000px) 54vw, (max-width: 1071px) 543px, 580px\" \/><\/figure>\n\n\n\n<figure class=\"wp-block-image size-large\"><img loading=\"lazy\" decoding=\"async\" width=\"756\" height=\"1024\" data-id=\"370\" src=\"https:\/\/www.northsea-basenjis.de\/wp-content\/uploads\/2024\/06\/1050392-01-756x1024.jpeg\" alt=\"\" class=\"wp-image-370\" srcset=\"https:\/\/www.northsea-basenjis.de\/wp-content\/uploads\/2024\/06\/1050392-01-756x1024.jpeg 756w, https:\/\/www.northsea-basenjis.de\/wp-content\/uploads\/2024\/06\/1050392-01-222x300.jpeg 222w, https:\/\/www.northsea-basenjis.de\/wp-content\/uploads\/2024\/06\/1050392-01-768x1040.jpeg 768w, https:\/\/www.northsea-basenjis.de\/wp-content\/uploads\/2024\/06\/1050392-01-1135x1536.jpeg 1135w, https:\/\/www.northsea-basenjis.de\/wp-content\/uploads\/2024\/06\/1050392-01-1513x2048.jpeg 1513w, https:\/\/www.northsea-basenjis.de\/wp-content\/uploads\/2024\/06\/1050392-01-scaled.jpeg 1891w\" sizes=\"auto, (max-width: 706px) 89vw, (max-width: 767px) 82vw, 740px\" \/><\/figure>\n<\/figure>\n<\/div>\n<\/div>\n\n\n\n<h2 class=\"wp-block-heading\"><strong>European Dog Show und Agria Winner Show in Herning\/ D\u00e4nemark \/ Mai<\/strong><\/h2>\n\n\n\n<h2 class=\"wp-block-heading\">Eurpean Dog Show<\/h2>\n\n\n\n<p>Rocket trat in der Championklasse bestehend aus 11 R\u00fcden an. Als der Richter die ersten 5 R\u00fcden aussortiert hat, durften wir im Ring bleiben. nach einer neuerlichen Aufstellung wurden wieder 2 Hunde aussortiert, unter denen dann auch Rocket war. Es war f\u00fcr uns aber ein riesiger Erfolg, dass Rocket dem Richter psotiv aufgefallen ist.<\/p>\n\n\n\n<h2 class=\"wp-block-heading\">Agria Winner Show<\/h2>\n\n\n\n<p>Einen Tag sp\u00e4ter traten wir bei der Agria Winner Show an und Rocket hat die Championklasse, bestehend aus 6 R\u00fcden, gewinnen k\u00f6nnen und wurde am Ende Best Male 4.<\/p>\n\n\n\n<figure class=\"wp-block-gallery has-nested-images columns-default is-cropped wp-block-gallery-2 is-layout-flex wp-block-gallery-is-layout-flex\">\n<figure class=\"wp-block-image size-large\"><img loading=\"lazy\" decoding=\"async\" width=\"1024\" height=\"768\" data-id=\"359\" src=\"https:\/\/www.northsea-basenjis.de\/wp-content\/uploads\/2024\/06\/P1020578-1024x768.jpg\" alt=\"\" class=\"wp-image-359\" srcset=\"https:\/\/www.northsea-basenjis.de\/wp-content\/uploads\/2024\/06\/P1020578-1024x768.jpg 1024w, https:\/\/www.northsea-basenjis.de\/wp-content\/uploads\/2024\/06\/P1020578-300x225.jpg 300w, https:\/\/www.northsea-basenjis.de\/wp-content\/uploads\/2024\/06\/P1020578-768x576.jpg 768w, https:\/\/www.northsea-basenjis.de\/wp-content\/uploads\/2024\/06\/P1020578-1536x1152.jpg 1536w, https:\/\/www.northsea-basenjis.de\/wp-content\/uploads\/2024\/06\/P1020578-2048x1536.jpg 2048w\" sizes=\"auto, (max-width: 767px) 89vw, (max-width: 1000px) 54vw, (max-width: 1071px) 543px, 580px\" \/><\/figure>\n\n\n\n<figure class=\"wp-block-image size-large\"><img loading=\"lazy\" decoding=\"async\" width=\"1024\" height=\"768\" data-id=\"360\" src=\"https:\/\/www.northsea-basenjis.de\/wp-content\/uploads\/2024\/06\/P1020564-1024x768.jpg\" alt=\"\" class=\"wp-image-360\" srcset=\"https:\/\/www.northsea-basenjis.de\/wp-content\/uploads\/2024\/06\/P1020564-1024x768.jpg 1024w, https:\/\/www.northsea-basenjis.de\/wp-content\/uploads\/2024\/06\/P1020564-300x225.jpg 300w, https:\/\/www.northsea-basenjis.de\/wp-content\/uploads\/2024\/06\/P1020564-768x576.jpg 768w, https:\/\/www.northsea-basenjis.de\/wp-content\/uploads\/2024\/06\/P1020564-1536x1152.jpg 1536w, https:\/\/www.northsea-basenjis.de\/wp-content\/uploads\/2024\/06\/P1020564-2048x1536.jpg 2048w\" sizes=\"auto, (max-width: 767px) 89vw, (max-width: 1000px) 54vw, (max-width: 1071px) 543px, 580px\" \/><\/figure>\n\n\n\n<figure class=\"wp-block-image size-large\"><img loading=\"lazy\" decoding=\"async\" width=\"769\" height=\"1024\" data-id=\"364\" src=\"https:\/\/www.northsea-basenjis.de\/wp-content\/uploads\/2024\/06\/1020426-01-1-769x1024.jpeg\" alt=\"\" class=\"wp-image-364\" srcset=\"https:\/\/www.northsea-basenjis.de\/wp-content\/uploads\/2024\/06\/1020426-01-1-769x1024.jpeg 769w, https:\/\/www.northsea-basenjis.de\/wp-content\/uploads\/2024\/06\/1020426-01-1-225x300.jpeg 225w, https:\/\/www.northsea-basenjis.de\/wp-content\/uploads\/2024\/06\/1020426-01-1-768x1022.jpeg 768w, https:\/\/www.northsea-basenjis.de\/wp-content\/uploads\/2024\/06\/1020426-01-1-1154x1536.jpeg 1154w, https:\/\/www.northsea-basenjis.de\/wp-content\/uploads\/2024\/06\/1020426-01-1-1539x2048.jpeg 1539w, https:\/\/www.northsea-basenjis.de\/wp-content\/uploads\/2024\/06\/1020426-01-1-scaled.jpeg 1924w\" sizes=\"auto, (max-width: 767px) 89vw, (max-width: 1000px) 54vw, (max-width: 1071px) 543px, 580px\" \/><\/figure>\n<\/figure>\n\n\n\n<h2 class=\"wp-block-heading\">Internationale Ausstellung in Lingen mit Klub-Anbindung \/ April<\/h2>\n\n\n\n<p class=\"has-medium-font-size\">rCAC = Das war die letzte ben\u00f6tigte Anwartschaft f\u00fcr den <mark style=\"background-color:rgba(0, 0, 0, 0)\" class=\"has-inline-color has-vivid-red-color\">Deutschen Klub-Champion<\/mark><\/p>\n\n\n\n<figure class=\"wp-block-image size-large\"><img loading=\"lazy\" decoding=\"async\" width=\"1024\" height=\"783\" src=\"https:\/\/www.northsea-basenjis.de\/wp-content\/uploads\/2024\/06\/IMG-20230422-WA0027-01-1024x783.jpeg\" alt=\"\" class=\"wp-image-358\" srcset=\"https:\/\/www.northsea-basenjis.de\/wp-content\/uploads\/2024\/06\/IMG-20230422-WA0027-01-1024x783.jpeg 1024w, https:\/\/www.northsea-basenjis.de\/wp-content\/uploads\/2024\/06\/IMG-20230422-WA0027-01-300x229.jpeg 300w, https:\/\/www.northsea-basenjis.de\/wp-content\/uploads\/2024\/06\/IMG-20230422-WA0027-01-768x587.jpeg 768w, https:\/\/www.northsea-basenjis.de\/wp-content\/uploads\/2024\/06\/IMG-20230422-WA0027-01.jpeg 1042w\" sizes=\"auto, (max-width: 767px) 89vw, (max-width: 1000px) 54vw, (max-width: 1071px) 543px, 580px\" \/><\/figure>\n\n\n\n<p class=\"has-medium-font-size\"><\/p>\n\n\n\n<h2 class=\"wp-block-heading\">Martini Dog Show Groningen \/ M\u00e4rz<\/h2>\n\n\n\n<p class=\"has-medium-font-size\">CAC, CACIB und BOB<\/p>\n\n\n\n<figure class=\"wp-block-gallery has-nested-images columns-default is-cropped wp-block-gallery-3 is-layout-flex wp-block-gallery-is-layout-flex\">\n<figure class=\"wp-block-image size-large\"><img loading=\"lazy\" decoding=\"async\" width=\"900\" height=\"900\" data-id=\"337\" src=\"https:\/\/www.northsea-basenjis.de\/wp-content\/uploads\/2023\/04\/BEST_OF_BREED_497_LR_GRONINGEN_2023_KYNOWEB_KY3_8733_20230304_14_54_12.jpg\" alt=\"\" class=\"wp-image-337\" srcset=\"https:\/\/www.northsea-basenjis.de\/wp-content\/uploads\/2023\/04\/BEST_OF_BREED_497_LR_GRONINGEN_2023_KYNOWEB_KY3_8733_20230304_14_54_12.jpg 900w, https:\/\/www.northsea-basenjis.de\/wp-content\/uploads\/2023\/04\/BEST_OF_BREED_497_LR_GRONINGEN_2023_KYNOWEB_KY3_8733_20230304_14_54_12-300x300.jpg 300w, https:\/\/www.northsea-basenjis.de\/wp-content\/uploads\/2023\/04\/BEST_OF_BREED_497_LR_GRONINGEN_2023_KYNOWEB_KY3_8733_20230304_14_54_12-150x150.jpg 150w, https:\/\/www.northsea-basenjis.de\/wp-content\/uploads\/2023\/04\/BEST_OF_BREED_497_LR_GRONINGEN_2023_KYNOWEB_KY3_8733_20230304_14_54_12-768x768.jpg 768w, https:\/\/www.northsea-basenjis.de\/wp-content\/uploads\/2023\/04\/BEST_OF_BREED_497_LR_GRONINGEN_2023_KYNOWEB_KY3_8733_20230304_14_54_12-100x100.jpg 100w\" sizes=\"auto, (max-width: 767px) 89vw, (max-width: 1000px) 54vw, (max-width: 1071px) 543px, 580px\" \/><\/figure>\n\n\n\n<figure class=\"wp-block-image size-large\"><img loading=\"lazy\" decoding=\"async\" width=\"1024\" height=\"683\" data-id=\"339\" src=\"https:\/\/www.northsea-basenjis.de\/wp-content\/uploads\/2023\/04\/1010775-1024x683.jpg\" alt=\"\" class=\"wp-image-339\" srcset=\"https:\/\/www.northsea-basenjis.de\/wp-content\/uploads\/2023\/04\/1010775-1024x683.jpg 1024w, https:\/\/www.northsea-basenjis.de\/wp-content\/uploads\/2023\/04\/1010775-300x200.jpg 300w, https:\/\/www.northsea-basenjis.de\/wp-content\/uploads\/2023\/04\/1010775-768x512.jpg 768w, https:\/\/www.northsea-basenjis.de\/wp-content\/uploads\/2023\/04\/1010775-1536x1024.jpg 1536w, https:\/\/www.northsea-basenjis.de\/wp-content\/uploads\/2023\/04\/1010775-2048x1365.jpg 2048w\" sizes=\"auto, (max-width: 767px) 89vw, (max-width: 1000px) 54vw, (max-width: 1071px) 543px, 580px\" \/><\/figure>\n\n\n\n<figure class=\"wp-block-image size-large\"><img loading=\"lazy\" decoding=\"async\" width=\"840\" height=\"1024\" data-id=\"338\" src=\"https:\/\/www.northsea-basenjis.de\/wp-content\/uploads\/2023\/04\/1010795-01-840x1024.jpeg\" alt=\"\" class=\"wp-image-338\" srcset=\"https:\/\/www.northsea-basenjis.de\/wp-content\/uploads\/2023\/04\/1010795-01-840x1024.jpeg 840w, https:\/\/www.northsea-basenjis.de\/wp-content\/uploads\/2023\/04\/1010795-01-246x300.jpeg 246w, https:\/\/www.northsea-basenjis.de\/wp-content\/uploads\/2023\/04\/1010795-01-768x936.jpeg 768w, https:\/\/www.northsea-basenjis.de\/wp-content\/uploads\/2023\/04\/1010795-01-1260x1536.jpeg 1260w, https:\/\/www.northsea-basenjis.de\/wp-content\/uploads\/2023\/04\/1010795-01-1680x2048.jpeg 1680w\" sizes=\"auto, (max-width: 767px) 89vw, (max-width: 1000px) 54vw, (max-width: 1071px) 543px, 580px\" \/><\/figure>\n<\/figure>\n","protected":false},"excerpt":{"rendered":"<p>Internationaler Champion Mit dem CACIB in Leeuwarden hat sich Rocket endlich den Titel Internationaler Champion verdient. \ud83d\ude0d Fryslan Cup\/ Internationale Ausstellung Leeuwarden\/ Niederlande\/ November Samstag: CAC, CACIB und BOBSonntag: rCAC, CACIB World Dog Show und Grand Prix de Gen\u00e8ve in Genf\/ Schweiz\/ August Grand Prix de Gen\u00e8ve Rocket hat in der Championklasse ein Exc. ohne &hellip; <\/p>\n<p class=\"link-more\"><a href=\"https:\/\/www.northsea-basenjis.de\/?page_id=336\" class=\"more-link\"><span class=\"screen-reader-text\">\u201eAusstellungen 2023\u201c<\/span> weiterlesen<\/a><\/p>\n","protected":false},"author":2,"featured_media":0,"parent":13,"menu_order":0,"comment_status":"closed","ping_status":"closed","template":"","meta":{"footnotes":""},"class_list":["post-336","page","type-page","status-publish","hentry"],"yoast_head":"<!-- This site is optimized with the Yoast SEO plugin v27.3 - https:\/\/yoast.com\/product\/yoast-seo-wordpress\/ -->\n<title>Ausstellungen 2023 - Northsea-Basenjis<\/title>\n<meta name=\"robots\" content=\"index, follow, max-snippet:-1, max-image-preview:large, max-video-preview:-1\" \/>\n<link rel=\"canonical\" href=\"https:\/\/www.northsea-basenjis.de\/?page_id=336\" \/>\n<meta property=\"og:locale\" content=\"de_DE\" \/>\n<meta property=\"og:type\" content=\"article\" \/>\n<meta property=\"og:title\" content=\"Ausstellungen 2023 - Northsea-Basenjis\" \/>\n<meta property=\"og:description\" content=\"Internationaler Champion Mit dem CACIB in Leeuwarden hat sich Rocket endlich den Titel Internationaler Champion verdient. \ud83d\ude0d Fryslan Cup\/ Internationale Ausstellung Leeuwarden\/ Niederlande\/ November Samstag: CAC, CACIB und BOBSonntag: rCAC, CACIB World Dog Show und Grand Prix de Gen\u00e8ve in Genf\/ Schweiz\/ August Grand Prix de Gen\u00e8ve Rocket hat in der Championklasse ein Exc. ohne &hellip; \u201eAusstellungen 2023\u201c weiterlesen\" \/>\n<meta property=\"og:url\" content=\"https:\/\/www.northsea-basenjis.de\/?page_id=336\" \/>\n<meta property=\"og:site_name\" content=\"Northsea-Basenjis\" \/>\n<meta property=\"article:modified_time\" content=\"2024-06-21T15:30:57+00:00\" \/>\n<meta property=\"og:image\" content=\"https:\/\/www.northsea-basenjis.de\/wp-content\/uploads\/2024\/06\/Internat.-Champion-Rocket_01-01-1024x732.jpeg\" \/>\n<meta name=\"twitter:card\" content=\"summary_large_image\" \/>\n<meta name=\"twitter:label1\" content=\"Gesch\u00e4tzte Lesezeit\" \/>\n\t<meta name=\"twitter:data1\" content=\"4\u00a0Minuten\" \/>\n<script type=\"application\/ld+json\" class=\"yoast-schema-graph\">{\"@context\":\"https:\\\/\\\/schema.org\",\"@graph\":[{\"@type\":\"WebPage\",\"@id\":\"https:\\\/\\\/www.northsea-basenjis.de\\\/?page_id=336\",\"url\":\"https:\\\/\\\/www.northsea-basenjis.de\\\/?page_id=336\",\"name\":\"Ausstellungen 2023 - Northsea-Basenjis\",\"isPartOf\":{\"@id\":\"https:\\\/\\\/www.northsea-basenjis.de\\\/#website\"},\"primaryImageOfPage\":{\"@id\":\"https:\\\/\\\/www.northsea-basenjis.de\\\/?page_id=336#primaryimage\"},\"image\":{\"@id\":\"https:\\\/\\\/www.northsea-basenjis.de\\\/?page_id=336#primaryimage\"},\"thumbnailUrl\":\"https:\\\/\\\/www.northsea-basenjis.de\\\/wp-content\\\/uploads\\\/2024\\\/06\\\/Internat.-Champion-Rocket_01-01-1024x732.jpeg\",\"datePublished\":\"2023-04-09T10:51:08+00:00\",\"dateModified\":\"2024-06-21T15:30:57+00:00\",\"breadcrumb\":{\"@id\":\"https:\\\/\\\/www.northsea-basenjis.de\\\/?page_id=336#breadcrumb\"},\"inLanguage\":\"de\",\"potentialAction\":[{\"@type\":\"ReadAction\",\"target\":[\"https:\\\/\\\/www.northsea-basenjis.de\\\/?page_id=336\"]}]},{\"@type\":\"ImageObject\",\"inLanguage\":\"de\",\"@id\":\"https:\\\/\\\/www.northsea-basenjis.de\\\/?page_id=336#primaryimage\",\"url\":\"https:\\\/\\\/www.northsea-basenjis.de\\\/wp-content\\\/uploads\\\/2024\\\/06\\\/Internat.-Champion-Rocket_01-01-scaled.jpeg\",\"contentUrl\":\"https:\\\/\\\/www.northsea-basenjis.de\\\/wp-content\\\/uploads\\\/2024\\\/06\\\/Internat.-Champion-Rocket_01-01-scaled.jpeg\",\"width\":2560,\"height\":1830},{\"@type\":\"BreadcrumbList\",\"@id\":\"https:\\\/\\\/www.northsea-basenjis.de\\\/?page_id=336#breadcrumb\",\"itemListElement\":[{\"@type\":\"ListItem\",\"position\":1,\"name\":\"Startseite\",\"item\":\"https:\\\/\\\/www.northsea-basenjis.de\\\/\"},{\"@type\":\"ListItem\",\"position\":2,\"name\":\"Rocket\",\"item\":\"https:\\\/\\\/www.northsea-basenjis.de\\\/?page_id=13\"},{\"@type\":\"ListItem\",\"position\":3,\"name\":\"Ausstellungen 2023\"}]},{\"@type\":\"WebSite\",\"@id\":\"https:\\\/\\\/www.northsea-basenjis.de\\\/#website\",\"url\":\"https:\\\/\\\/www.northsea-basenjis.de\\\/\",\"name\":\"Northsea-Basenjis\",\"description\":\"Die zwei kleinen, wilden Dinger aus dem Busch\",\"potentialAction\":[{\"@type\":\"SearchAction\",\"target\":{\"@type\":\"EntryPoint\",\"urlTemplate\":\"https:\\\/\\\/www.northsea-basenjis.de\\\/?s={search_term_string}\"},\"query-input\":{\"@type\":\"PropertyValueSpecification\",\"valueRequired\":true,\"valueName\":\"search_term_string\"}}],\"inLanguage\":\"de\"}]}<\/script>\n<!-- \/ Yoast SEO plugin. -->","yoast_head_json":{"title":"Ausstellungen 2023 - Northsea-Basenjis","robots":{"index":"index","follow":"follow","max-snippet":"max-snippet:-1","max-image-preview":"max-image-preview:large","max-video-preview":"max-video-preview:-1"},"canonical":"https:\/\/www.northsea-basenjis.de\/?page_id=336","og_locale":"de_DE","og_type":"article","og_title":"Ausstellungen 2023 - Northsea-Basenjis","og_description":"Internationaler Champion Mit dem CACIB in Leeuwarden hat sich Rocket endlich den Titel Internationaler Champion verdient. \ud83d\ude0d Fryslan Cup\/ Internationale Ausstellung Leeuwarden\/ Niederlande\/ November Samstag: CAC, CACIB und BOBSonntag: rCAC, CACIB World Dog Show und Grand Prix de Gen\u00e8ve in Genf\/ Schweiz\/ August Grand Prix de Gen\u00e8ve Rocket hat in der Championklasse ein Exc. ohne &hellip; \u201eAusstellungen 2023\u201c weiterlesen","og_url":"https:\/\/www.northsea-basenjis.de\/?page_id=336","og_site_name":"Northsea-Basenjis","article_modified_time":"2024-06-21T15:30:57+00:00","og_image":[{"url":"https:\/\/www.northsea-basenjis.de\/wp-content\/uploads\/2024\/06\/Internat.-Champion-Rocket_01-01-1024x732.jpeg","type":"","width":"","height":""}],"twitter_card":"summary_large_image","twitter_misc":{"Gesch\u00e4tzte Lesezeit":"4\u00a0Minuten"},"schema":{"@context":"https:\/\/schema.org","@graph":[{"@type":"WebPage","@id":"https:\/\/www.northsea-basenjis.de\/?page_id=336","url":"https:\/\/www.northsea-basenjis.de\/?page_id=336","name":"Ausstellungen 2023 - Northsea-Basenjis","isPartOf":{"@id":"https:\/\/www.northsea-basenjis.de\/#website"},"primaryImageOfPage":{"@id":"https:\/\/www.northsea-basenjis.de\/?page_id=336#primaryimage"},"image":{"@id":"https:\/\/www.northsea-basenjis.de\/?page_id=336#primaryimage"},"thumbnailUrl":"https:\/\/www.northsea-basenjis.de\/wp-content\/uploads\/2024\/06\/Internat.-Champion-Rocket_01-01-1024x732.jpeg","datePublished":"2023-04-09T10:51:08+00:00","dateModified":"2024-06-21T15:30:57+00:00","breadcrumb":{"@id":"https:\/\/www.northsea-basenjis.de\/?page_id=336#breadcrumb"},"inLanguage":"de","potentialAction":[{"@type":"ReadAction","target":["https:\/\/www.northsea-basenjis.de\/?page_id=336"]}]},{"@type":"ImageObject","inLanguage":"de","@id":"https:\/\/www.northsea-basenjis.de\/?page_id=336#primaryimage","url":"https:\/\/www.northsea-basenjis.de\/wp-content\/uploads\/2024\/06\/Internat.-Champion-Rocket_01-01-scaled.jpeg","contentUrl":"https:\/\/www.northsea-basenjis.de\/wp-content\/uploads\/2024\/06\/Internat.-Champion-Rocket_01-01-scaled.jpeg","width":2560,"height":1830},{"@type":"BreadcrumbList","@id":"https:\/\/www.northsea-basenjis.de\/?page_id=336#breadcrumb","itemListElement":[{"@type":"ListItem","position":1,"name":"Startseite","item":"https:\/\/www.northsea-basenjis.de\/"},{"@type":"ListItem","position":2,"name":"Rocket","item":"https:\/\/www.northsea-basenjis.de\/?page_id=13"},{"@type":"ListItem","position":3,"name":"Ausstellungen 2023"}]},{"@type":"WebSite","@id":"https:\/\/www.northsea-basenjis.de\/#website","url":"https:\/\/www.northsea-basenjis.de\/","name":"Northsea-Basenjis","description":"Die zwei kleinen, wilden Dinger aus dem Busch","potentialAction":[{"@type":"SearchAction","target":{"@type":"EntryPoint","urlTemplate":"https:\/\/www.northsea-basenjis.de\/?s={search_term_string}"},"query-input":{"@type":"PropertyValueSpecification","valueRequired":true,"valueName":"search_term_string"}}],"inLanguage":"de"}]}},"_links":{"self":[{"href":"https:\/\/www.northsea-basenjis.de\/index.php?rest_route=\/wp\/v2\/pages\/336","targetHints":{"allow":["GET"]}}],"collection":[{"href":"https:\/\/www.northsea-basenjis.de\/index.php?rest_route=\/wp\/v2\/pages"}],"about":[{"href":"https:\/\/www.northsea-basenjis.de\/index.php?rest_route=\/wp\/v2\/types\/page"}],"author":[{"embeddable":true,"href":"https:\/\/www.northsea-basenjis.de\/index.php?rest_route=\/wp\/v2\/users\/2"}],"replies":[{"embeddable":true,"href":"https:\/\/www.northsea-basenjis.de\/index.php?rest_route=%2Fwp%2Fv2%2Fcomments&post=336"}],"version-history":[{"count":8,"href":"https:\/\/www.northsea-basenjis.de\/index.php?rest_route=\/wp\/v2\/pages\/336\/revisions"}],"predecessor-version":[{"id":382,"href":"https:\/\/www.northsea-basenjis.de\/index.php?rest_route=\/wp\/v2\/pages\/336\/revisions\/382"}],"up":[{"embeddable":true,"href":"https:\/\/www.northsea-basenjis.de\/index.php?rest_route=\/wp\/v2\/pages\/13"}],"wp:attachment":[{"href":"https:\/\/www.northsea-basenjis.de\/index.php?rest_route=%2Fwp%2Fv2%2Fmedia&parent=336"}],"curies":[{"name":"wp","href":"https:\/\/api.w.org\/{rel}","templated":true}]}}