{"id":16,"date":"2022-09-27T14:28:53","date_gmt":"2022-09-27T12:28:53","guid":{"rendered":"https:\/\/www.northsea-basenjis.de\/?page_id=16"},"modified":"2025-08-02T17:03:25","modified_gmt":"2025-08-02T15:03:25","slug":"groot","status":"publish","type":"page","link":"https:\/\/www.northsea-basenjis.de\/?page_id=16","title":{"rendered":"Groot"},"content":{"rendered":"\n<p>Geboren: 02.12.2021<br>Zwinger: Origami Way<br>Z\u00fcchterin: Aiga Leimonte (Lettland)<br>Zwingername: Glowing Sirius Origami Way<br><br>Fanconi: frei<br>PRA: Tr\u00e4ger<br>H\u00fcften: HD A1<br>Augen: CAT frei, PPM Iris-Iris links<br>Gr\u00f6\u00dfe: 43cm<\/p>\n\n\n\n<figure class=\"wp-block-gallery has-nested-images columns-default is-cropped wp-block-gallery-1 is-layout-flex wp-block-gallery-is-layout-flex\">\n<figure class=\"wp-block-image size-large\"><img loading=\"lazy\" decoding=\"async\" width=\"1024\" height=\"1024\" data-id=\"386\" src=\"https:\/\/www.northsea-basenjis.de\/wp-content\/uploads\/2024\/06\/Basenji_sirius-1024x1024.jpg\" alt=\"\" class=\"wp-image-386\" srcset=\"https:\/\/www.northsea-basenjis.de\/wp-content\/uploads\/2024\/06\/Basenji_sirius-1024x1024.jpg 1024w, https:\/\/www.northsea-basenjis.de\/wp-content\/uploads\/2024\/06\/Basenji_sirius-300x300.jpg 300w, https:\/\/www.northsea-basenjis.de\/wp-content\/uploads\/2024\/06\/Basenji_sirius-150x150.jpg 150w, https:\/\/www.northsea-basenjis.de\/wp-content\/uploads\/2024\/06\/Basenji_sirius-768x768.jpg 768w, https:\/\/www.northsea-basenjis.de\/wp-content\/uploads\/2024\/06\/Basenji_sirius-1536x1536.jpg 1536w, https:\/\/www.northsea-basenjis.de\/wp-content\/uploads\/2024\/06\/Basenji_sirius-2048x2048.jpg 2048w, https:\/\/www.northsea-basenjis.de\/wp-content\/uploads\/2024\/06\/Basenji_sirius-100x100.jpg 100w\" sizes=\"auto, (max-width: 767px) 89vw, (max-width: 1000px) 54vw, (max-width: 1071px) 543px, 580px\" \/><\/figure>\n<\/figure>\n\n\n\n<p><strong>Titel und Erfolge:<\/strong><\/p>\n\n\n\n<p>Internationaler Champion<br>Deutscher Champion (VDH)<br>Deutscher Klub-Champion<br>D\u00e4nischer Champion<br>Fr\u00fchjahrs-Sieger VDH 2024<br><\/p>\n\n\n\n<p><\/p>\n\n\n\n<figure class=\"wp-block-gallery has-nested-images columns-default is-cropped wp-block-gallery-2 is-layout-flex wp-block-gallery-is-layout-flex\">\n<figure class=\"wp-block-image size-large\"><img loading=\"lazy\" decoding=\"async\" width=\"1024\" height=\"731\" data-id=\"246\" src=\"https:\/\/www.northsea-basenjis.de\/wp-content\/uploads\/2023\/04\/IMG_20221031_095840-01-1-1024x731.jpeg\" alt=\"\" class=\"wp-image-246\" srcset=\"https:\/\/www.northsea-basenjis.de\/wp-content\/uploads\/2023\/04\/IMG_20221031_095840-01-1-1024x731.jpeg 1024w, https:\/\/www.northsea-basenjis.de\/wp-content\/uploads\/2023\/04\/IMG_20221031_095840-01-1-300x214.jpeg 300w, https:\/\/www.northsea-basenjis.de\/wp-content\/uploads\/2023\/04\/IMG_20221031_095840-01-1-768x548.jpeg 768w, https:\/\/www.northsea-basenjis.de\/wp-content\/uploads\/2023\/04\/IMG_20221031_095840-01-1-1536x1097.jpeg 1536w, https:\/\/www.northsea-basenjis.de\/wp-content\/uploads\/2023\/04\/IMG_20221031_095840-01-1-2048x1462.jpeg 2048w, https:\/\/www.northsea-basenjis.de\/wp-content\/uploads\/2023\/04\/IMG_20221031_095840-01-1-800x571.jpeg 800w\" sizes=\"auto, (max-width: 767px) 89vw, (max-width: 1000px) 54vw, (max-width: 1071px) 543px, 580px\" \/><\/figure>\n\n\n\n<figure class=\"wp-block-image size-large\"><img loading=\"lazy\" decoding=\"async\" width=\"687\" height=\"1024\" data-id=\"244\" src=\"https:\/\/www.northsea-basenjis.de\/wp-content\/uploads\/2023\/04\/DSC7415-Bearbeitet-687x1024.jpg\" alt=\"\" class=\"wp-image-244\" srcset=\"https:\/\/www.northsea-basenjis.de\/wp-content\/uploads\/2023\/04\/DSC7415-Bearbeitet-687x1024.jpg 687w, https:\/\/www.northsea-basenjis.de\/wp-content\/uploads\/2023\/04\/DSC7415-Bearbeitet-201x300.jpg 201w, https:\/\/www.northsea-basenjis.de\/wp-content\/uploads\/2023\/04\/DSC7415-Bearbeitet-768x1144.jpg 768w, https:\/\/www.northsea-basenjis.de\/wp-content\/uploads\/2023\/04\/DSC7415-Bearbeitet-1031x1536.jpg 1031w, https:\/\/www.northsea-basenjis.de\/wp-content\/uploads\/2023\/04\/DSC7415-Bearbeitet-1375x2048.jpg 1375w, https:\/\/www.northsea-basenjis.de\/wp-content\/uploads\/2023\/04\/DSC7415-Bearbeitet-800x1192.jpg 800w, https:\/\/www.northsea-basenjis.de\/wp-content\/uploads\/2023\/04\/DSC7415-Bearbeitet-scaled.jpg 1718w\" sizes=\"auto, (max-width: 687px) 100vw, 687px\" \/><\/figure>\n\n\n\n<figure class=\"wp-block-image size-large\"><img loading=\"lazy\" decoding=\"async\" width=\"727\" height=\"1024\" data-id=\"245\" src=\"https:\/\/www.northsea-basenjis.de\/wp-content\/uploads\/2023\/04\/DSC7014-Bearbeitet-727x1024.jpg\" alt=\"\" class=\"wp-image-245\" srcset=\"https:\/\/www.northsea-basenjis.de\/wp-content\/uploads\/2023\/04\/DSC7014-Bearbeitet-727x1024.jpg 727w, https:\/\/www.northsea-basenjis.de\/wp-content\/uploads\/2023\/04\/DSC7014-Bearbeitet-213x300.jpg 213w, https:\/\/www.northsea-basenjis.de\/wp-content\/uploads\/2023\/04\/DSC7014-Bearbeitet-768x1081.jpg 768w, https:\/\/www.northsea-basenjis.de\/wp-content\/uploads\/2023\/04\/DSC7014-Bearbeitet-1091x1536.jpg 1091w, https:\/\/www.northsea-basenjis.de\/wp-content\/uploads\/2023\/04\/DSC7014-Bearbeitet-1455x2048.jpg 1455w, https:\/\/www.northsea-basenjis.de\/wp-content\/uploads\/2023\/04\/DSC7014-Bearbeitet-800x1126.jpg 800w, https:\/\/www.northsea-basenjis.de\/wp-content\/uploads\/2023\/04\/DSC7014-Bearbeitet-scaled.jpg 1818w\" sizes=\"auto, (max-width: 727px) 100vw, 727px\" \/><\/figure>\n\n\n\n<figure class=\"wp-block-image size-large\"><img loading=\"lazy\" decoding=\"async\" width=\"768\" height=\"1024\" data-id=\"390\" src=\"https:\/\/www.northsea-basenjis.de\/wp-content\/uploads\/2024\/06\/P1030879-768x1024.jpg\" alt=\"\" class=\"wp-image-390\" srcset=\"https:\/\/www.northsea-basenjis.de\/wp-content\/uploads\/2024\/06\/P1030879-768x1024.jpg 768w, https:\/\/www.northsea-basenjis.de\/wp-content\/uploads\/2024\/06\/P1030879-225x300.jpg 225w, https:\/\/www.northsea-basenjis.de\/wp-content\/uploads\/2024\/06\/P1030879-1152x1536.jpg 1152w, https:\/\/www.northsea-basenjis.de\/wp-content\/uploads\/2024\/06\/P1030879-1536x2048.jpg 1536w, https:\/\/www.northsea-basenjis.de\/wp-content\/uploads\/2024\/06\/P1030879-scaled.jpg 1920w\" sizes=\"auto, (max-width: 767px) 89vw, (max-width: 1000px) 54vw, (max-width: 1071px) 543px, 580px\" \/><\/figure>\n\n\n\n<figure class=\"wp-block-image size-large\"><img loading=\"lazy\" decoding=\"async\" width=\"768\" height=\"1024\" data-id=\"574\" src=\"https:\/\/www.northsea-basenjis.de\/wp-content\/uploads\/2025\/08\/IMG_20250611_092325.jpg_compressed-768x1024.jpeg\" alt=\"\" class=\"wp-image-574\" srcset=\"https:\/\/www.northsea-basenjis.de\/wp-content\/uploads\/2025\/08\/IMG_20250611_092325.jpg_compressed-768x1024.jpeg 768w, https:\/\/www.northsea-basenjis.de\/wp-content\/uploads\/2025\/08\/IMG_20250611_092325.jpg_compressed-225x300.jpeg 225w, https:\/\/www.northsea-basenjis.de\/wp-content\/uploads\/2025\/08\/IMG_20250611_092325.jpg_compressed-1152x1536.jpeg 1152w, https:\/\/www.northsea-basenjis.de\/wp-content\/uploads\/2025\/08\/IMG_20250611_092325.jpg_compressed.jpeg 1280w\" sizes=\"auto, (max-width: 767px) 89vw, (max-width: 1000px) 54vw, (max-width: 1071px) 543px, 580px\" \/><\/figure>\n\n\n\n<figure class=\"wp-block-image size-large\"><img loading=\"lazy\" decoding=\"async\" width=\"768\" height=\"1024\" data-id=\"576\" src=\"https:\/\/www.northsea-basenjis.de\/wp-content\/uploads\/2025\/08\/IMG_20250629_103037.jpg_compressed-1-768x1024.jpeg\" alt=\"\" class=\"wp-image-576\" srcset=\"https:\/\/www.northsea-basenjis.de\/wp-content\/uploads\/2025\/08\/IMG_20250629_103037.jpg_compressed-1-768x1024.jpeg 768w, https:\/\/www.northsea-basenjis.de\/wp-content\/uploads\/2025\/08\/IMG_20250629_103037.jpg_compressed-1-225x300.jpeg 225w, https:\/\/www.northsea-basenjis.de\/wp-content\/uploads\/2025\/08\/IMG_20250629_103037.jpg_compressed-1-1152x1536.jpeg 1152w, https:\/\/www.northsea-basenjis.de\/wp-content\/uploads\/2025\/08\/IMG_20250629_103037.jpg_compressed-1.jpeg 1280w\" sizes=\"auto, (max-width: 767px) 89vw, (max-width: 1000px) 54vw, (max-width: 1071px) 543px, 580px\" \/><\/figure>\n\n\n\n<figure class=\"wp-block-image size-large\"><img loading=\"lazy\" decoding=\"async\" width=\"1024\" height=\"683\" data-id=\"572\" src=\"https:\/\/www.northsea-basenjis.de\/wp-content\/uploads\/2025\/08\/DSC_2074-1024x683.jpg\" alt=\"\" class=\"wp-image-572\" srcset=\"https:\/\/www.northsea-basenjis.de\/wp-content\/uploads\/2025\/08\/DSC_2074-1024x683.jpg 1024w, https:\/\/www.northsea-basenjis.de\/wp-content\/uploads\/2025\/08\/DSC_2074-300x200.jpg 300w, https:\/\/www.northsea-basenjis.de\/wp-content\/uploads\/2025\/08\/DSC_2074-768x512.jpg 768w, https:\/\/www.northsea-basenjis.de\/wp-content\/uploads\/2025\/08\/DSC_2074-1536x1024.jpg 1536w, https:\/\/www.northsea-basenjis.de\/wp-content\/uploads\/2025\/08\/DSC_2074-2048x1365.jpg 2048w\" sizes=\"auto, (max-width: 767px) 89vw, (max-width: 1000px) 54vw, (max-width: 1071px) 543px, 580px\" \/><\/figure>\n<\/figure>\n","protected":false},"excerpt":{"rendered":"<p>Geboren: 02.12.2021Zwinger: Origami WayZ\u00fcchterin: Aiga Leimonte (Lettland)Zwingername: Glowing Sirius Origami Way Fanconi: freiPRA: Tr\u00e4gerH\u00fcften: HD A1Augen: CAT frei, PPM Iris-Iris linksGr\u00f6\u00dfe: 43cm Titel und Erfolge: Internationaler ChampionDeutscher Champion (VDH)Deutscher Klub-ChampionD\u00e4nischer ChampionFr\u00fchjahrs-Sieger VDH 2024<\/p>\n","protected":false},"author":1,"featured_media":0,"parent":0,"menu_order":0,"comment_status":"closed","ping_status":"closed","template":"","meta":{"footnotes":""},"class_list":["post-16","page","type-page","status-publish","hentry"],"yoast_head":"<!-- This site is optimized with the Yoast SEO plugin v27.3 - https:\/\/yoast.com\/product\/yoast-seo-wordpress\/ -->\n<title>Groot - Northsea-Basenjis<\/title>\n<meta name=\"robots\" content=\"index, follow, max-snippet:-1, max-image-preview:large, max-video-preview:-1\" \/>\n<link rel=\"canonical\" href=\"https:\/\/www.northsea-basenjis.de\/?page_id=16\" \/>\n<meta property=\"og:locale\" content=\"de_DE\" \/>\n<meta property=\"og:type\" content=\"article\" \/>\n<meta property=\"og:title\" content=\"Groot - Northsea-Basenjis\" \/>\n<meta property=\"og:description\" content=\"Geboren: 02.12.2021Zwinger: Origami WayZ\u00fcchterin: Aiga Leimonte (Lettland)Zwingername: Glowing Sirius Origami Way Fanconi: freiPRA: Tr\u00e4gerH\u00fcften: HD A1Augen: CAT frei, PPM Iris-Iris linksGr\u00f6\u00dfe: 43cm Titel und Erfolge: Internationaler ChampionDeutscher Champion (VDH)Deutscher Klub-ChampionD\u00e4nischer ChampionFr\u00fchjahrs-Sieger VDH 2024\" \/>\n<meta property=\"og:url\" content=\"https:\/\/www.northsea-basenjis.de\/?page_id=16\" \/>\n<meta property=\"og:site_name\" content=\"Northsea-Basenjis\" \/>\n<meta property=\"article:modified_time\" content=\"2025-08-02T15:03:25+00:00\" \/>\n<meta property=\"og:image\" content=\"https:\/\/www.northsea-basenjis.de\/wp-content\/uploads\/2024\/06\/Basenji_sirius-scaled.jpg\" \/>\n\t<meta property=\"og:image:width\" content=\"2560\" \/>\n\t<meta property=\"og:image:height\" content=\"2560\" \/>\n\t<meta property=\"og:image:type\" content=\"image\/jpeg\" \/>\n<meta name=\"twitter:card\" content=\"summary_large_image\" \/>\n<meta name=\"twitter:label1\" content=\"Gesch\u00e4tzte Lesezeit\" \/>\n\t<meta name=\"twitter:data1\" content=\"2\u00a0Minuten\" \/>\n<script type=\"application\/ld+json\" class=\"yoast-schema-graph\">{\"@context\":\"https:\\\/\\\/schema.org\",\"@graph\":[{\"@type\":\"WebPage\",\"@id\":\"https:\\\/\\\/www.northsea-basenjis.de\\\/?page_id=16\",\"url\":\"https:\\\/\\\/www.northsea-basenjis.de\\\/?page_id=16\",\"name\":\"Groot - Northsea-Basenjis\",\"isPartOf\":{\"@id\":\"https:\\\/\\\/www.northsea-basenjis.de\\\/#website\"},\"primaryImageOfPage\":{\"@id\":\"https:\\\/\\\/www.northsea-basenjis.de\\\/?page_id=16#primaryimage\"},\"image\":{\"@id\":\"https:\\\/\\\/www.northsea-basenjis.de\\\/?page_id=16#primaryimage\"},\"thumbnailUrl\":\"https:\\\/\\\/www.northsea-basenjis.de\\\/wp-content\\\/uploads\\\/2024\\\/06\\\/Basenji_sirius-1024x1024.jpg\",\"datePublished\":\"2022-09-27T12:28:53+00:00\",\"dateModified\":\"2025-08-02T15:03:25+00:00\",\"breadcrumb\":{\"@id\":\"https:\\\/\\\/www.northsea-basenjis.de\\\/?page_id=16#breadcrumb\"},\"inLanguage\":\"de\",\"potentialAction\":[{\"@type\":\"ReadAction\",\"target\":[\"https:\\\/\\\/www.northsea-basenjis.de\\\/?page_id=16\"]}]},{\"@type\":\"ImageObject\",\"inLanguage\":\"de\",\"@id\":\"https:\\\/\\\/www.northsea-basenjis.de\\\/?page_id=16#primaryimage\",\"url\":\"https:\\\/\\\/www.northsea-basenjis.de\\\/wp-content\\\/uploads\\\/2024\\\/06\\\/Basenji_sirius-scaled.jpg\",\"contentUrl\":\"https:\\\/\\\/www.northsea-basenjis.de\\\/wp-content\\\/uploads\\\/2024\\\/06\\\/Basenji_sirius-scaled.jpg\",\"width\":2560,\"height\":2560},{\"@type\":\"BreadcrumbList\",\"@id\":\"https:\\\/\\\/www.northsea-basenjis.de\\\/?page_id=16#breadcrumb\",\"itemListElement\":[{\"@type\":\"ListItem\",\"position\":1,\"name\":\"Startseite\",\"item\":\"https:\\\/\\\/www.northsea-basenjis.de\\\/\"},{\"@type\":\"ListItem\",\"position\":2,\"name\":\"Groot\"}]},{\"@type\":\"WebSite\",\"@id\":\"https:\\\/\\\/www.northsea-basenjis.de\\\/#website\",\"url\":\"https:\\\/\\\/www.northsea-basenjis.de\\\/\",\"name\":\"Northsea-Basenjis\",\"description\":\"Die zwei kleinen, wilden Dinger aus dem Busch\",\"potentialAction\":[{\"@type\":\"SearchAction\",\"target\":{\"@type\":\"EntryPoint\",\"urlTemplate\":\"https:\\\/\\\/www.northsea-basenjis.de\\\/?s={search_term_string}\"},\"query-input\":{\"@type\":\"PropertyValueSpecification\",\"valueRequired\":true,\"valueName\":\"search_term_string\"}}],\"inLanguage\":\"de\"}]}<\/script>\n<!-- \/ Yoast SEO plugin. -->","yoast_head_json":{"title":"Groot - Northsea-Basenjis","robots":{"index":"index","follow":"follow","max-snippet":"max-snippet:-1","max-image-preview":"max-image-preview:large","max-video-preview":"max-video-preview:-1"},"canonical":"https:\/\/www.northsea-basenjis.de\/?page_id=16","og_locale":"de_DE","og_type":"article","og_title":"Groot - Northsea-Basenjis","og_description":"Geboren: 02.12.2021Zwinger: Origami WayZ\u00fcchterin: Aiga Leimonte (Lettland)Zwingername: Glowing Sirius Origami Way Fanconi: freiPRA: Tr\u00e4gerH\u00fcften: HD A1Augen: CAT frei, PPM Iris-Iris linksGr\u00f6\u00dfe: 43cm Titel und Erfolge: Internationaler ChampionDeutscher Champion (VDH)Deutscher Klub-ChampionD\u00e4nischer ChampionFr\u00fchjahrs-Sieger VDH 2024","og_url":"https:\/\/www.northsea-basenjis.de\/?page_id=16","og_site_name":"Northsea-Basenjis","article_modified_time":"2025-08-02T15:03:25+00:00","og_image":[{"width":2560,"height":2560,"url":"https:\/\/www.northsea-basenjis.de\/wp-content\/uploads\/2024\/06\/Basenji_sirius-scaled.jpg","type":"image\/jpeg"}],"twitter_card":"summary_large_image","twitter_misc":{"Gesch\u00e4tzte Lesezeit":"2\u00a0Minuten"},"schema":{"@context":"https:\/\/schema.org","@graph":[{"@type":"WebPage","@id":"https:\/\/www.northsea-basenjis.de\/?page_id=16","url":"https:\/\/www.northsea-basenjis.de\/?page_id=16","name":"Groot - Northsea-Basenjis","isPartOf":{"@id":"https:\/\/www.northsea-basenjis.de\/#website"},"primaryImageOfPage":{"@id":"https:\/\/www.northsea-basenjis.de\/?page_id=16#primaryimage"},"image":{"@id":"https:\/\/www.northsea-basenjis.de\/?page_id=16#primaryimage"},"thumbnailUrl":"https:\/\/www.northsea-basenjis.de\/wp-content\/uploads\/2024\/06\/Basenji_sirius-1024x1024.jpg","datePublished":"2022-09-27T12:28:53+00:00","dateModified":"2025-08-02T15:03:25+00:00","breadcrumb":{"@id":"https:\/\/www.northsea-basenjis.de\/?page_id=16#breadcrumb"},"inLanguage":"de","potentialAction":[{"@type":"ReadAction","target":["https:\/\/www.northsea-basenjis.de\/?page_id=16"]}]},{"@type":"ImageObject","inLanguage":"de","@id":"https:\/\/www.northsea-basenjis.de\/?page_id=16#primaryimage","url":"https:\/\/www.northsea-basenjis.de\/wp-content\/uploads\/2024\/06\/Basenji_sirius-scaled.jpg","contentUrl":"https:\/\/www.northsea-basenjis.de\/wp-content\/uploads\/2024\/06\/Basenji_sirius-scaled.jpg","width":2560,"height":2560},{"@type":"BreadcrumbList","@id":"https:\/\/www.northsea-basenjis.de\/?page_id=16#breadcrumb","itemListElement":[{"@type":"ListItem","position":1,"name":"Startseite","item":"https:\/\/www.northsea-basenjis.de\/"},{"@type":"ListItem","position":2,"name":"Groot"}]},{"@type":"WebSite","@id":"https:\/\/www.northsea-basenjis.de\/#website","url":"https:\/\/www.northsea-basenjis.de\/","name":"Northsea-Basenjis","description":"Die zwei kleinen, wilden Dinger aus dem Busch","potentialAction":[{"@type":"SearchAction","target":{"@type":"EntryPoint","urlTemplate":"https:\/\/www.northsea-basenjis.de\/?s={search_term_string}"},"query-input":{"@type":"PropertyValueSpecification","valueRequired":true,"valueName":"search_term_string"}}],"inLanguage":"de"}]}},"_links":{"self":[{"href":"https:\/\/www.northsea-basenjis.de\/index.php?rest_route=\/wp\/v2\/pages\/16","targetHints":{"allow":["GET"]}}],"collection":[{"href":"https:\/\/www.northsea-basenjis.de\/index.php?rest_route=\/wp\/v2\/pages"}],"about":[{"href":"https:\/\/www.northsea-basenjis.de\/index.php?rest_route=\/wp\/v2\/types\/page"}],"author":[{"embeddable":true,"href":"https:\/\/www.northsea-basenjis.de\/index.php?rest_route=\/wp\/v2\/users\/1"}],"replies":[{"embeddable":true,"href":"https:\/\/www.northsea-basenjis.de\/index.php?rest_route=%2Fwp%2Fv2%2Fcomments&post=16"}],"version-history":[{"count":10,"href":"https:\/\/www.northsea-basenjis.de\/index.php?rest_route=\/wp\/v2\/pages\/16\/revisions"}],"predecessor-version":[{"id":577,"href":"https:\/\/www.northsea-basenjis.de\/index.php?rest_route=\/wp\/v2\/pages\/16\/revisions\/577"}],"wp:attachment":[{"href":"https:\/\/www.northsea-basenjis.de\/index.php?rest_route=%2Fwp%2Fv2%2Fmedia&parent=16"}],"curies":[{"name":"wp","href":"https:\/\/api.w.org\/{rel}","templated":true}]}}